Last updated on 2022-07-04 15:54:54 CEST.
Flavor | Version | Tinstall | Tcheck | Ttotal | Status | Flags |
---|---|---|---|---|---|---|
r-devel-linux-x86_64-debian-clang | 0.2.6 | 11.61 | 100.02 | 111.63 | OK | |
r-devel-linux-x86_64-debian-gcc | 0.2.6 | 9.63 | 74.54 | 84.17 | OK | |
r-devel-linux-x86_64-fedora-clang | 0.2.6 | 140.21 | NOTE | |||
r-devel-linux-x86_64-fedora-gcc | 0.2.6 | 139.10 | OK | |||
r-devel-windows-x86_64 | 0.2.6 | 22.00 | 124.00 | 146.00 | OK | |
r-patched-linux-x86_64 | 0.2.6 | 12.29 | 94.84 | 107.13 | OK | |
r-release-linux-x86_64 | 0.2.6 | 7.59 | 94.58 | 102.17 | OK | |
r-release-macos-arm64 | 0.2.6 | 38.00 | OK | |||
r-release-macos-x86_64 | 0.2.6 | 78.00 | OK | |||
r-release-windows-x86_64 | 0.2.6 | 24.00 | 125.00 | 149.00 | OK | |
r-oldrel-macos-arm64 | 0.2.6 | 34.00 | OK | |||
r-oldrel-macos-x86_64 | 0.2.6 | 53.00 | OK | |||
r-oldrel-windows-ix86+x86_64 | 0.2.6 | 26.00 | 113.00 | 139.00 | OK |
Version: 0.2.6
Check: Rd cross-references
Result: NOTE
Undeclared package ‘fortunes’ in Rd xrefs
Flavor: r-devel-linux-x86_64-fedora-clang