CRAN Package Check Results for Package statip

Last updated on 2021-11-29 15:51:28 CET.

Flavor Version Tinstall Tcheck Ttotal Status Flags
r-devel-linux-x86_64-debian-clang 0.2.3 3.81 27.92 31.73 NOTE
r-devel-linux-x86_64-debian-gcc 0.2.3 3.09 22.18 25.27 NOTE
r-devel-linux-x86_64-fedora-clang 0.2.3 49.57 NOTE
r-devel-linux-x86_64-fedora-gcc 0.2.3 38.91 NOTE
r-devel-windows-x86_64-new-UL 0.2.3 19.00 69.00 88.00 NOTE
r-devel-windows-x86_64-new-TK 0.2.3 NOTE
r-devel-windows-x86_64-old 0.2.3 8.00 36.00 44.00 NOTE
r-patched-linux-x86_64 0.2.3 4.00 26.87 30.87 NOTE
r-patched-solaris-x86 0.2.3 56.50 NOTE
r-release-linux-x86_64 0.2.3 3.26 27.13 30.39 NOTE
r-release-macos-arm64 0.2.3 NOTE
r-release-macos-x86_64 0.2.3 NOTE
r-release-windows-ix86+x86_64 0.2.3 11.00 39.00 50.00 NOTE
r-oldrel-macos-x86_64 0.2.3 OK
r-oldrel-windows-ix86+x86_64 0.2.3 8.00 56.00 64.00 OK

Check Details

Version: 0.2.3
Check: LazyData
Result: NOTE
     'LazyData' is specified without a 'data' directory
Flavors: r-devel-linux-x86_64-debian-clang, r-devel-linux-x86_64-debian-gcc, r-devel-linux-x86_64-fedora-clang, r-devel-linux-x86_64-fedora-gcc, r-devel-windows-x86_64-new-UL, r-devel-windows-x86_64-new-TK, r-devel-windows-x86_64-old, r-patched-linux-x86_64, r-patched-solaris-x86, r-release-linux-x86_64, r-release-macos-arm64, r-release-macos-x86_64, r-release-windows-ix86+x86_64

Version: 0.2.3
Check: Rd cross-references
Result: NOTE
    Undeclared package ‘distrEx’ in Rd xrefs
Flavor: r-devel-linux-x86_64-fedora-clang