CRAN Package Check Results for Package statip

Last updated on 2024-07-19 16:57:36 CEST.

Flavor Version Tinstall Tcheck Ttotal Status Flags
r-devel-linux-x86_64-debian-clang 0.2.3 3.26 33.55 36.81 NOTE
r-devel-linux-x86_64-debian-gcc 0.2.3 2.91 25.32 28.23 NOTE
r-devel-linux-x86_64-fedora-clang 0.2.3 47.61 NOTE
r-devel-linux-x86_64-fedora-gcc 0.2.3 43.89 NOTE
r-devel-windows-x86_64 0.2.3 7.00 50.00 57.00 NOTE
r-patched-linux-x86_64 0.2.3 4.45 31.37 35.82 NOTE
r-release-linux-x86_64 0.2.3 3.66 31.41 35.07 NOTE
r-release-macos-arm64 0.2.3 19.00 NOTE
r-release-macos-x86_64 0.2.3 30.00 NOTE
r-release-windows-x86_64 0.2.3 8.00 49.00 57.00 NOTE
r-oldrel-macos-arm64 0.2.3 19.00 NOTE
r-oldrel-macos-x86_64 0.2.3 24.00 NOTE
r-oldrel-windows-x86_64 0.2.3 7.00 54.00 61.00 NOTE

Check Details

Version: 0.2.3
Check: LazyData
Result: NOTE 'LazyData' is specified without a 'data' directory Flavors: r-devel-linux-x86_64-debian-clang, r-devel-linux-x86_64-debian-gcc, r-devel-linux-x86_64-fedora-clang, r-devel-linux-x86_64-fedora-gcc, r-devel-windows-x86_64, r-patched-linux-x86_64, r-release-linux-x86_64, r-release-macos-arm64, r-release-macos-x86_64, r-release-windows-x86_64, r-oldrel-macos-arm64, r-oldrel-macos-x86_64, r-oldrel-windows-x86_64

Version: 0.2.3
Check: Rd cross-references
Result: NOTE Undeclared package ‘distrEx’ in Rd xrefs Flavor: r-devel-linux-x86_64-fedora-clang