CRAN Package Check Results for Package statgenHTP

Last updated on 2021-10-22 03:55:40 CEST.

Flavor Version Tinstall Tcheck Ttotal Status Flags
r-devel-linux-x86_64-debian-clang 1.0.5 13.61 397.23 410.84 NOTE
r-devel-linux-x86_64-debian-gcc 1.0.5 11.22 298.07 309.29 NOTE
r-devel-linux-x86_64-fedora-clang 1.0.5 485.87 NOTE
r-devel-linux-x86_64-fedora-gcc 1.0.5 477.29 NOTE
r-devel-windows-x86_64 1.0.5 21.00 427.00 448.00 NOTE
r-devel-windows-x86_64-gcc10-UCRT 1.0.5 NOTE
r-patched-linux-x86_64 1.0.5 12.27 377.19 389.46 NOTE
r-patched-solaris-x86 1.0.5 458.80 NOTE
r-release-linux-x86_64 1.0.5 11.69 378.42 390.11 NOTE
r-release-macos-arm64 1.0.5 NOTE
r-release-macos-x86_64 1.0.5 NOTE
r-release-windows-ix86+x86_64 1.0.5 27.00 491.00 518.00 NOTE
r-oldrel-macos-x86_64 1.0.5 NOTE
r-oldrel-windows-ix86+x86_64 1.0.5 29.00 508.00 537.00 NOTE

Check Details

Version: 1.0.5
Check: package dependencies
Result: NOTE
    Package suggested but not available for checking: 'asreml'
Flavors: r-devel-linux-x86_64-debian-clang, r-devel-linux-x86_64-debian-gcc, r-devel-linux-x86_64-fedora-clang, r-devel-linux-x86_64-fedora-gcc, r-devel-windows-x86_64, r-devel-windows-x86_64-gcc10-UCRT, r-patched-linux-x86_64, r-patched-solaris-x86, r-release-linux-x86_64, r-release-macos-arm64, r-release-macos-x86_64, r-release-windows-ix86+x86_64, r-oldrel-macos-x86_64, r-oldrel-windows-ix86+x86_64