CRAN Package Check Results for Package statgenGxE

Last updated on 2023-01-30 04:52:35 CET.

Flavor Version Tinstall Tcheck Ttotal Status Flags
r-devel-linux-x86_64-debian-clang 1.0.5 11.89 216.94 228.83 NOTE
r-devel-linux-x86_64-debian-gcc 1.0.5 7.50 156.38 163.88 NOTE
r-devel-linux-x86_64-fedora-clang 1.0.5 270.48 NOTE
r-devel-linux-x86_64-fedora-gcc 1.0.5 294.06 NOTE
r-devel-windows-x86_64 1.0.5 49.00 252.00 301.00 NOTE
r-patched-linux-x86_64 1.0.5 16.76 200.10 216.86 NOTE
r-release-linux-x86_64 1.0.5 10.73 203.33 214.06 NOTE
r-release-macos-arm64 1.0.5 82.00 NOTE
r-release-macos-x86_64 1.0.5 105.00 NOTE
r-release-windows-x86_64 1.0.5 50.00 254.00 304.00 NOTE
r-oldrel-macos-arm64 1.0.5 84.00 NOTE
r-oldrel-macos-x86_64 1.0.5 104.00 NOTE
r-oldrel-windows-ix86+x86_64 1.0.5 22.00 237.00 259.00 NOTE

Check Details

Version: 1.0.5
Check: package dependencies
Result: NOTE
    Package suggested but not available for checking: ‘asreml’
Flavors: r-devel-linux-x86_64-debian-clang, r-devel-linux-x86_64-debian-gcc, r-devel-linux-x86_64-fedora-clang, r-devel-linux-x86_64-fedora-gcc, r-devel-windows-x86_64, r-patched-linux-x86_64, r-release-linux-x86_64, r-release-macos-arm64, r-release-macos-x86_64, r-release-windows-x86_64, r-oldrel-macos-arm64, r-oldrel-macos-x86_64, r-oldrel-windows-ix86+x86_64