CRAN Package Check Results for Package statcanR

Last updated on 2024-02-23 15:52:31 CET.

Flavor Version Tinstall Tcheck Ttotal Status Flags
r-devel-linux-x86_64-debian-clang 0.2.6 NOTE
r-devel-linux-x86_64-debian-gcc 0.2.6 5.86 55.23 61.09 NOTE
r-devel-linux-x86_64-fedora-clang 0.2.6 97.93 OK
r-devel-linux-x86_64-fedora-gcc 0.2.6 104.89 OK
r-devel-windows-x86_64 0.2.6 8.00 76.00 84.00 OK
r-patched-linux-x86_64 0.2.6 5.32 69.72 75.04 OK
r-release-linux-x86_64 0.2.6 4.96 70.27 75.23 OK
r-release-macos-arm64 0.2.6 46.00 OK
r-release-macos-x86_64 0.2.6 82.00 OK
r-release-windows-x86_64 0.2.6 11.00 87.00 98.00 OK
r-oldrel-macos-arm64 0.2.6 44.00 OK
r-oldrel-windows-x86_64 0.2.6 13.00 94.00 107.00 OK

Check Details

Version: 0.2.6
Check: Rd files
Result: NOTE checkRd: (-1) statcan_data.Rd:22: Lost braces; missing escapes or markup? 22 | \code{statcan_data()} function has 2 arguments to fulfill to get data: {tableNumber} & {lang}. | ^ checkRd: (-1) statcan_data.Rd:22: Lost braces; missing escapes or markup? 22 | \code{statcan_data()} function has 2 arguments to fulfill to get data: {tableNumber} & {lang}. | ^ checkRd: (-1) statcan_search.Rd:18: Lost braces; missing escapes or markup? 18 | The \code{statcan_search()} function has 2 arguments to fulfill to find a database: {keywords} and {lang}. | ^ checkRd: (-1) statcan_search.Rd:18: Lost braces; missing escapes or markup? 18 | The \code{statcan_search()} function has 2 arguments to fulfill to find a database: {keywords} and {lang}. | ^ Flavors: r-devel-linux-x86_64-debian-clang, r-devel-linux-x86_64-debian-gcc