CRAN Package Check Results for Package starschemar

Last updated on 2021-12-07 03:53:57 CET.

Flavor Version Tinstall Tcheck Ttotal Status Flags
r-devel-linux-x86_64-debian-clang 1.2.0 8.15 106.99 115.14 OK
r-devel-linux-x86_64-debian-gcc 1.2.0 7.25 82.06 89.31 OK
r-devel-linux-x86_64-fedora-clang 1.2.0 137.95 NOTE
r-devel-linux-x86_64-fedora-gcc 1.2.0 126.07 NOTE
r-devel-windows-x86_64-new-UL 1.2.0 31.00 165.00 196.00 OK
r-devel-windows-x86_64-new-TK 1.2.0 NOTE
r-devel-windows-x86_64-old 1.2.0 13.00 99.00 112.00 OK
r-patched-linux-x86_64 1.2.0 8.62 93.51 102.13 OK
r-release-linux-x86_64 1.2.0 6.94 101.14 108.08 OK
r-release-macos-arm64 1.2.0 NOTE
r-release-macos-x86_64 1.2.0 NOTE
r-release-windows-ix86+x86_64 1.2.0 10.00 139.00 149.00 OK
r-oldrel-macos-x86_64 1.2.0 NOTE
r-oldrel-windows-ix86+x86_64 1.2.0 15.00 140.00 155.00 OK

Check Details

Version: 1.2.0
Check: dependencies in R code
Result: NOTE
    Namespaces in Imports field not imported from:
     ‘pander’ ‘readr’ ‘tidyselect’
     All declared Imports should be used.
Flavors: r-devel-linux-x86_64-fedora-clang, r-devel-linux-x86_64-fedora-gcc, r-devel-windows-x86_64-new-TK, r-release-macos-arm64, r-release-macos-x86_64, r-oldrel-macos-x86_64