CRAN Package Check Results for Package starsExtra

Last updated on 2022-10-07 15:53:12 CEST.

Flavor Version Tinstall Tcheck Ttotal Status Flags
r-devel-linux-x86_64-debian-clang 0.2.7 10.41 174.99 185.40 NOTE
r-devel-linux-x86_64-debian-gcc 0.2.7 7.73 123.06 130.79 NOTE
r-devel-linux-x86_64-fedora-clang 0.2.7 211.91 NOTE
r-devel-linux-x86_64-fedora-gcc 0.2.7 227.50 NOTE
r-devel-windows-x86_64 0.2.7 50.00 206.00 256.00 NOTE
r-patched-linux-x86_64 0.2.7 8.01 161.68 169.69 OK
r-release-linux-x86_64 0.2.7 7.38 162.69 170.07 OK
r-release-macos-arm64 0.2.7 61.00 OK
r-release-macos-x86_64 0.2.7 111.00 OK
r-release-windows-x86_64 0.2.7 43.00 201.00 244.00 OK
r-oldrel-macos-arm64 0.2.7 75.00 OK
r-oldrel-macos-x86_64 0.2.7 78.00 OK
r-oldrel-windows-ix86+x86_64 0.2.7 30.00 305.00 335.00 OK

Check Details

Version: 0.2.7
Check: package subdirectories
Result: NOTE
    Problems with news in 'NEWS.md':
     Cannot extract version info from the following section titles:
     To do
Flavors: r-devel-linux-x86_64-debian-clang, r-devel-linux-x86_64-debian-gcc, r-devel-linux-x86_64-fedora-clang, r-devel-linux-x86_64-fedora-gcc, r-devel-windows-x86_64

Version: 0.2.7
Check: compilation flags used
Result: NOTE
    Compilation used the following non-portable flag(s):
     ‘-Wstrict-prototypes’
Flavor: r-devel-linux-x86_64-debian-gcc