CRAN Package Check Results for Package stargazer

Last updated on 2024-05-30 15:50:40 CEST.

Flavor Version Tinstall Tcheck Ttotal Status Flags
r-devel-linux-x86_64-debian-clang 5.2.3 11.99 66.32 78.31 NOTE
r-devel-linux-x86_64-debian-gcc 5.2.3 9.81 48.44 58.25 NOTE
r-devel-linux-x86_64-fedora-clang 5.2.3 101.42 NOTE
r-devel-linux-x86_64-fedora-gcc 5.2.3 112.29 NOTE
r-devel-windows-x86_64 5.2.3 12.00 74.00 86.00 NOTE
r-patched-linux-x86_64 5.2.3 13.77 63.62 77.39 NOTE
r-release-linux-x86_64 5.2.3 10.43 61.72 72.15 NOTE
r-release-macos-arm64 5.2.3 30.00 NOTE
r-release-windows-x86_64 5.2.3 11.00 72.00 83.00 NOTE
r-oldrel-macos-arm64 5.2.3 35.00 OK
r-oldrel-macos-x86_64 5.2.3 57.00 OK
r-oldrel-windows-x86_64 5.2.3 12.00 79.00 91.00 OK

Check Details

Version: 5.2.3
Check: Rd files
Result: NOTE checkRd: (-1) stargazer.Rd:229: Lost braces 229 | \item{report}{a character string containing only elements of {\code{"v"}, \code{"c"}, \code{"s"},\code{"t"}, \code{"p"}, \code{"*"}} that determines whether, and in which order, variable names (\code{"v"}), coefficients (\code{"c"}), standard errors/confidence intervals (\code{"s"}), test statistics (\code{"t"}) and p-values (\code{"p"}) should be reported in regression tables. If one of the aforementioned letters is followed by an asterisk (\code{"*"}), significance stars will be reported next to the corresponding statistic.} | ^ checkRd: (-1) stargazer.Rd:246: Lost braces 246 | \item{table.placement}{a character string containing only elements of {\code{"h"}, \code{"t"},\code{"b"}, \code{"p"}, \code{"!"}, \code{"H"}} that determines the table placement in its LaTeX floating environment.} | ^ Flavors: r-devel-linux-x86_64-debian-clang, r-devel-linux-x86_64-debian-gcc, r-devel-linux-x86_64-fedora-clang, r-devel-linux-x86_64-fedora-gcc, r-devel-windows-x86_64, r-patched-linux-x86_64, r-release-linux-x86_64, r-release-macos-arm64, r-release-windows-x86_64