CRAN Package Check Results for Package staplr

Last updated on 2024-07-18 03:56:48 CEST.

Flavor Version Tinstall Tcheck Ttotal Status Flags
r-devel-linux-x86_64-debian-clang 3.2.2 9.76 151.79 161.55 NOTE
r-devel-linux-x86_64-debian-gcc 3.2.2 6.93 111.03 117.96 NOTE
r-devel-linux-x86_64-fedora-clang 3.2.2 203.36 NOTE
r-devel-linux-x86_64-fedora-gcc 3.2.2 199.41 NOTE
r-devel-windows-x86_64 3.2.2 8.00 148.00 156.00 NOTE
r-patched-linux-x86_64 3.2.2 9.28 146.71 155.99 NOTE
r-release-linux-x86_64 3.2.2 9.57 144.22 153.79 NOTE
r-release-macos-arm64 3.2.2 150.00 NOTE
r-release-macos-x86_64 3.2.2 223.00 NOTE
r-release-windows-x86_64 3.2.2 8.00 152.00 160.00 NOTE
r-oldrel-macos-arm64 3.2.2 76.00 OK
r-oldrel-macos-x86_64 3.2.2 372.00 OK
r-oldrel-windows-x86_64 3.2.2 9.00 161.00 170.00 OK

Check Details

Version: 3.2.2
Check: Rd files
Result: NOTE checkRd: (-1) get_fields.Rd:27: Lost braces 27 | codes, the function will return a warning by default, suggesting setting \code{convert_field_names} to code{TRUE}. | ^ checkRd: (-1) identify_form_fields.Rd:34: Lost braces 34 | codes, the function will return a warning by default, suggesting setting \code{convert_field_names} to code{TRUE}. | ^ Flavors: r-devel-linux-x86_64-debian-clang, r-devel-linux-x86_64-debian-gcc, r-devel-linux-x86_64-fedora-clang, r-devel-linux-x86_64-fedora-gcc, r-devel-windows-x86_64, r-patched-linux-x86_64, r-release-linux-x86_64, r-release-macos-arm64, r-release-macos-x86_64, r-release-windows-x86_64