Last updated on 2022-06-28 15:53:29 CEST.
Flavor | Version | Tinstall | Tcheck | Ttotal | Status | Flags |
---|---|---|---|---|---|---|
r-devel-linux-x86_64-debian-clang | 0.0-3 | 169.88 | 103.05 | 272.93 | OK | |
r-devel-linux-x86_64-debian-gcc | 0.0-3 | 149.68 | 77.54 | 227.22 | OK | |
r-devel-linux-x86_64-fedora-clang | 0.0-3 | 393.71 | NOTE | |||
r-devel-linux-x86_64-fedora-gcc | 0.0-3 | 380.02 | OK | |||
r-devel-windows-x86_64 | 0.0-3 | 1460.00 | 184.00 | 1644.00 | OK | |
r-patched-linux-x86_64 | 0.0-3 | 170.99 | 98.90 | 269.89 | OK | |
r-release-linux-x86_64 | 0.0-3 | 159.00 | 98.75 | 257.75 | OK | |
r-release-macos-arm64 | 0.0-3 | 7.00 | ERROR | |||
r-release-macos-x86_64 | 0.0-3 | 143.00 | NOTE | |||
r-release-windows-x86_64 | 0.0-3 | 1451.00 | 175.00 | 1626.00 | OK | |
r-oldrel-macos-arm64 | 0.0-3 | 100.00 | NOTE | |||
r-oldrel-macos-x86_64 | 0.0-3 | 138.00 | NOTE | |||
r-oldrel-windows-ix86+x86_64 | 0.0-3 | 389.00 | 200.00 | 589.00 | OK |
Version: 0.0-3
Check: installed package size
Result: NOTE
installed size is 39.9Mb
sub-directories of 1Mb or more:
libs 39.5Mb
Flavors: r-devel-linux-x86_64-fedora-clang, r-release-macos-x86_64, r-oldrel-macos-arm64, r-oldrel-macos-x86_64
Version: 0.0-3
Check: package dependencies
Result: ERROR
Package required but not available: ‘dbarts’
See section ‘The DESCRIPTION file’ in the ‘Writing R Extensions’
manual.
Flavor: r-release-macos-arm64