CRAN Package Check Results for Package stabs

Last updated on 2022-01-28 15:53:27 CET.

Flavor Version Tinstall Tcheck Ttotal Status Flags
r-devel-linux-x86_64-debian-clang 0.6-4 3.71 89.35 93.06 NOTE
r-devel-linux-x86_64-debian-gcc 0.6-4 2.62 66.16 68.78 NOTE
r-devel-linux-x86_64-fedora-clang 0.6-4 104.67 NOTE
r-devel-linux-x86_64-fedora-gcc 0.6-4 94.39 NOTE
r-devel-windows-x86_64-new-UL 0.6-4 25.00 77.00 102.00 NOTE
r-devel-windows-x86_64-new-TK 0.6-4 NOTE
r-patched-linux-x86_64 0.6-4 3.70 80.37 84.07 NOTE
r-release-linux-x86_64 0.6-4 3.32 80.58 83.90 NOTE
r-release-macos-arm64 0.6-4 NOTE
r-release-macos-x86_64 0.6-4 NOTE
r-release-windows-ix86+x86_64 0.6-4 6.00 63.00 69.00 NOTE
r-oldrel-macos-x86_64 0.6-4 OK
r-oldrel-windows-ix86+x86_64 0.6-4 6.00 63.00 69.00 OK

Check Details

Version: 0.6-4
Check: LazyData
Result: NOTE
     'LazyData' is specified without a 'data' directory
Flavors: r-devel-linux-x86_64-debian-clang, r-devel-linux-x86_64-debian-gcc, r-devel-linux-x86_64-fedora-clang, r-devel-linux-x86_64-fedora-gcc, r-devel-windows-x86_64-new-UL, r-devel-windows-x86_64-new-TK, r-patched-linux-x86_64, r-release-linux-x86_64, r-release-macos-arm64, r-release-macos-x86_64, r-release-windows-ix86+x86_64