CRAN Package Check Results for Package st

Last updated on 2022-11-26 16:03:08 CET.

Flavor Version Tinstall Tcheck Ttotal Status Flags
r-devel-linux-x86_64-debian-clang 1.2.7 2.90 34.31 37.21 OK
r-devel-linux-x86_64-debian-gcc 1.2.7 2.35 26.70 29.05 OK
r-devel-linux-x86_64-fedora-clang 1.2.7 57.98 OK
r-devel-linux-x86_64-fedora-gcc 1.2.7 55.70 OK
r-devel-windows-x86_64 1.2.7 14.00 65.00 79.00 OK
r-patched-linux-x86_64 1.2.7 OK
r-release-linux-x86_64 1.2.7 2.82 32.88 35.70 OK
r-release-macos-arm64 1.2.7 17.00 NOTE
r-release-macos-x86_64 1.2.7 27.00 OK
r-release-windows-x86_64 1.2.7 15.00 65.00 80.00 OK
r-oldrel-macos-arm64 1.2.7 32.00 OK
r-oldrel-macos-x86_64 1.2.7 27.00 OK
r-oldrel-windows-ix86+x86_64 1.2.7 6.00 62.00 68.00 OK

Check Details

Version: 1.2.7
Check: package dependencies
Result: NOTE
    Packages suggested but not available for checking: 'limma', 'samr'
Flavor: r-release-macos-arm64