CRAN Package Check Results for Package ssr

Last updated on 2022-01-25 15:54:33 CET.

Flavor Version Tinstall Tcheck Ttotal Status Flags
r-devel-linux-x86_64-debian-clang 0.1.1 2.01 94.66 96.67 OK
r-devel-linux-x86_64-debian-gcc 0.1.1 2.47 68.03 70.50 OK
r-devel-linux-x86_64-fedora-clang 0.1.1 111.59 NOTE
r-devel-linux-x86_64-fedora-gcc 0.1.1 102.33 NOTE
r-devel-windows-x86_64-new-UL 0.1.1 24.00 110.00 134.00 OK
r-devel-windows-x86_64-new-TK 0.1.1 NOTE
r-patched-linux-x86_64 0.1.1 2.16 88.00 90.16 OK
r-release-linux-x86_64 0.1.1 2.33 87.10 89.43 OK
r-release-macos-arm64 0.1.1 NOTE
r-release-macos-x86_64 0.1.1 NOTE
r-release-windows-ix86+x86_64 0.1.1 9.00 108.00 117.00 OK
r-oldrel-macos-x86_64 0.1.1 NOTE
r-oldrel-windows-ix86+x86_64 0.1.1 7.00 112.00 119.00 OK

Check Details

Version: 0.1.1
Check: dependencies in R code
Result: NOTE
    Namespace in Imports field not imported from: ‘e1071’
     All declared Imports should be used.
Flavors: r-devel-linux-x86_64-fedora-clang, r-devel-linux-x86_64-fedora-gcc, r-devel-windows-x86_64-new-TK, r-release-macos-arm64, r-release-macos-x86_64, r-oldrel-macos-x86_64