CRAN Package Check Results for Package ssmrob

Last updated on 2022-01-27 15:53:49 CET.

Flavor Version Tinstall Tcheck Ttotal Status Flags
r-devel-linux-x86_64-debian-clang 1.0 10.19 104.26 114.45 OK
r-devel-linux-x86_64-debian-gcc 1.0 8.48 80.69 89.17 OK
r-devel-linux-x86_64-fedora-clang 1.0 140.00 OK
r-devel-linux-x86_64-fedora-gcc 1.0 128.48 OK
r-devel-windows-x86_64-new-UL 1.0 30.00 126.00 156.00 OK
r-devel-windows-x86_64-new-TK 1.0 ERROR
r-patched-linux-x86_64 1.0 10.19 99.83 110.02 OK
r-release-linux-x86_64 1.0 10.46 97.25 107.71 OK
r-release-macos-arm64 1.0 OK
r-release-macos-x86_64 1.0 OK
r-release-windows-ix86+x86_64 1.0 17.00 108.00 125.00 OK
r-oldrel-macos-x86_64 1.0 OK
r-oldrel-windows-ix86+x86_64 1.0 25.00 113.00 138.00 OK

Check Details

Version: 1.0
Check: package dependencies
Result: ERROR
    Package required but not available: 'sampleSelection'
    
    See section 'The DESCRIPTION file' in the 'Writing R Extensions'
    manual.
Flavor: r-devel-windows-x86_64-new-TK