CRAN Package Check Results for Package ssdtools

Last updated on 2024-07-13 03:49:31 CEST.

Flavor Version Tinstall Tcheck Ttotal Status Flags
r-devel-linux-x86_64-debian-clang 1.0.6 131.47 391.68 523.15 OK
r-devel-linux-x86_64-debian-gcc 1.0.6 110.41 286.49 396.90 OK
r-devel-linux-x86_64-fedora-clang 1.0.6 534.87 OK
r-devel-linux-x86_64-fedora-gcc 1.0.6 570.29 OK
r-devel-windows-x86_64 1.0.6 106.00 427.00 533.00 NOTE
r-patched-linux-x86_64 1.0.6 131.75 378.95 510.70 OK
r-release-linux-x86_64 1.0.6 95.39 375.57 470.96 OK
r-release-macos-arm64 1.0.6 234.00 NOTE
r-release-macos-x86_64 1.0.6 540.00 NOTE
r-release-windows-x86_64 1.0.6 108.00 432.00 540.00 NOTE
r-oldrel-macos-arm64 1.0.6 341.00 NOTE
r-oldrel-macos-x86_64 1.0.6 488.00 NOTE
r-oldrel-windows-x86_64 1.0.6 134.00 568.00 702.00 NOTE

Additional issues

noRemap

Check Details

Version: 1.0.6
Check: installed package size
Result: NOTE installed size is 16.2Mb sub-directories of 1Mb or more: doc 1.2Mb help 1.0Mb libs 13.6Mb Flavors: r-devel-windows-x86_64, r-release-macos-arm64, r-release-macos-x86_64, r-release-windows-x86_64, r-oldrel-macos-arm64, r-oldrel-macos-x86_64, r-oldrel-windows-x86_64