CRAN Package Check Results for Package ssdtools

Last updated on 2022-11-28 14:52:15 CET.

Flavor Version Tinstall Tcheck Ttotal Status Flags
r-devel-linux-x86_64-debian-clang 1.0.2 104.93 543.94 648.87 OK
r-devel-linux-x86_64-debian-gcc 1.0.2 89.05 404.89 493.94 OK
r-devel-linux-x86_64-fedora-clang 1.0.2 806.54 OK
r-devel-linux-x86_64-fedora-gcc 1.0.2 799.43 OK
r-devel-windows-x86_64 1.0.2 185.00 618.00 803.00 NOTE
r-patched-linux-x86_64 1.0.2 87.84 521.64 609.48 OK
r-release-linux-x86_64 1.0.2 71.71 494.13 565.84 OK
r-release-macos-arm64 1.0.2 208.00 NOTE
r-release-macos-x86_64 1.0.2 262.00 NOTE
r-release-windows-x86_64 1.0.2 150.00 619.00 769.00 NOTE
r-oldrel-macos-arm64 1.0.2 228.00 NOTE
r-oldrel-macos-x86_64 1.0.2 269.00 NOTE
r-oldrel-windows-ix86+x86_64 1.0.2 220.00 905.00 1125.00 NOTE

Check Details

Version: 1.0.2
Check: installed package size
Result: NOTE
     installed size is 16.3Mb
     sub-directories of 1Mb or more:
     doc 1.2Mb
     help 1.0Mb
     libs 13.7Mb
Flavors: r-devel-windows-x86_64, r-release-macos-arm64, r-release-macos-x86_64, r-release-windows-x86_64, r-oldrel-macos-arm64, r-oldrel-macos-x86_64, r-oldrel-windows-ix86+x86_64