CRAN Package Check Results for Package squid

Last updated on 2022-12-04 15:53:51 CET.

Flavor Version Tinstall Tcheck Ttotal Status Flags
r-devel-linux-x86_64-debian-clang 0.2.1 5.38 42.72 48.10 OK
r-devel-linux-x86_64-debian-gcc 0.2.1 4.20 31.93 36.13 OK
r-devel-linux-x86_64-fedora-clang 0.2.1 68.71 NOTE
r-devel-linux-x86_64-fedora-gcc 0.2.1 65.79 NOTE
r-devel-windows-x86_64 0.2.1 326.00 71.00 397.00 NOTE
r-patched-linux-x86_64 0.2.1 4.66 39.75 44.41 OK
r-release-linux-x86_64 0.2.1 4.21 39.45 43.66 OK
r-release-macos-arm64 0.2.1 25.00 NOTE
r-release-macos-x86_64 0.2.1 35.00 NOTE
r-release-windows-x86_64 0.2.1 230.00 73.00 303.00 NOTE
r-oldrel-macos-arm64 0.2.1 22.00 NOTE
r-oldrel-macos-x86_64 0.2.1 29.00 NOTE
r-oldrel-windows-ix86+x86_64 0.2.1 14.00 72.00 86.00 NOTE

Check Details

Version: 0.2.1
Check: installed package size
Result: NOTE
     installed size is 5.8Mb
     sub-directories of 1Mb or more:
     shiny-squid 5.6Mb
Flavors: r-devel-linux-x86_64-fedora-clang, r-devel-windows-x86_64, r-release-macos-arm64, r-release-macos-x86_64, r-release-windows-x86_64, r-oldrel-macos-arm64, r-oldrel-macos-x86_64, r-oldrel-windows-ix86+x86_64

Version: 0.2.1
Check: dependencies in R code
Result: NOTE
    Namespaces in Imports field not imported from:
     ‘arm’ ‘brms’ ‘lme4’ ‘plotly’ ‘shinyMatrix’
     All declared Imports should be used.
Flavors: r-devel-linux-x86_64-fedora-clang, r-devel-linux-x86_64-fedora-gcc, r-release-macos-arm64, r-release-macos-x86_64, r-oldrel-macos-arm64, r-oldrel-macos-x86_64