CRAN Package Check Results for Package spup

Last updated on 2022-10-06 03:58:43 CEST.

Flavor Version Tinstall Tcheck Ttotal Status Flags
r-devel-linux-x86_64-debian-clang 1.3-2 26.26 452.13 478.39 OK
r-devel-linux-x86_64-debian-gcc 1.3-2 27.28 330.99 358.27 OK
r-devel-linux-x86_64-fedora-clang 1.3-2 591.71 NOTE
r-devel-linux-x86_64-fedora-gcc 1.3-2 570.00 NOTE
r-devel-windows-x86_64 1.3-2 42.00 450.00 492.00 OK
r-patched-linux-x86_64 1.3-2 26.49 436.38 462.87 OK
r-release-linux-x86_64 1.3-2 32.88 435.82 468.70 OK
r-release-macos-arm64 1.3-2 114.00 NOTE
r-release-macos-x86_64 1.3-2 171.00 NOTE
r-release-windows-x86_64 1.3-2 50.00 454.00 504.00 OK
r-oldrel-macos-arm64 1.3-2 80.00 NOTE
r-oldrel-macos-x86_64 1.3-2 136.00 NOTE
r-oldrel-windows-ix86+x86_64 1.3-2 70.00 446.00 516.00 OK

Check Details

Version: 1.3-2
Check: dependencies in R code
Result: NOTE
    Namespace in Imports field not imported from: ‘sp’
     All declared Imports should be used.
Flavors: r-devel-linux-x86_64-fedora-clang, r-devel-linux-x86_64-fedora-gcc, r-release-macos-arm64, r-release-macos-x86_64, r-oldrel-macos-arm64, r-oldrel-macos-x86_64