CRAN Package Check Results for Package spsur

Last updated on 2021-10-17 15:49:14 CEST.

Flavor Version Tinstall Tcheck Ttotal Status Flags
r-devel-linux-x86_64-debian-clang 1.0.1.9 41.60 345.01 386.61 OK
r-devel-linux-x86_64-debian-gcc 1.0.1.9 33.10 258.56 291.66 OK
r-devel-linux-x86_64-fedora-clang 1.0.1.9 464.79 NOTE
r-devel-linux-x86_64-fedora-gcc 1.0.1.9 478.17 NOTE
r-devel-windows-x86_64 1.0.1.9 57.00 314.00 371.00 OK
r-devel-windows-x86_64-gcc10-UCRT 1.0.1.9 NOTE
r-patched-linux-x86_64 1.0.1.9 44.90 331.82 376.72 OK
r-patched-solaris-x86 1.0.1.9 546.30 NOTE
r-release-linux-x86_64 1.0.1.9 36.25 329.46 365.71 OK
r-release-macos-arm64 1.0.1.9 NOTE
r-release-macos-x86_64 1.0.1.9 NOTE
r-release-windows-ix86+x86_64 1.0.1.9 90.00 376.00 466.00 OK
r-oldrel-macos-x86_64 1.0.1.8 NOTE
r-oldrel-windows-ix86+x86_64 1.0.1.8 57.00 206.00 263.00 OK

Check Details

Version: 1.0.1.9
Check: dependencies in R code
Result: NOTE
    Namespaces in Imports field not imported from:
     ‘Rdpack’ ‘car’ ‘knitr’ ‘lmtest’ ‘rmarkdown’
     All declared Imports should be used.
Flavors: r-devel-linux-x86_64-fedora-clang, r-devel-linux-x86_64-fedora-gcc, r-devel-windows-x86_64-gcc10-UCRT, r-patched-solaris-x86, r-release-macos-arm64, r-release-macos-x86_64

Version: 1.0.1.8
Check: dependencies in R code
Result: NOTE
    Namespaces in Imports field not imported from:
     ‘Rdpack’ ‘car’ ‘knitr’ ‘lmtest’ ‘rmarkdown’
     All declared Imports should be used.
Flavor: r-oldrel-macos-x86_64