CRAN Package Check Results for Package spsh

Last updated on 2024-07-22 03:49:30 CEST.

Flavor Version Tinstall Tcheck Ttotal Status Flags
r-devel-linux-x86_64-debian-clang 1.1.0 5.25 51.35 56.60 NOTE
r-devel-linux-x86_64-debian-gcc 1.1.0 4.78 38.73 43.51 NOTE
r-devel-linux-x86_64-fedora-clang 1.1.0 74.65 NOTE
r-devel-linux-x86_64-fedora-gcc 1.1.0 75.78 NOTE
r-devel-windows-x86_64 1.1.0 7.00 69.00 76.00 NOTE
r-patched-linux-x86_64 1.1.0 7.43 48.36 55.79 NOTE
r-release-linux-x86_64 1.1.0 5.73 48.97 54.70 NOTE
r-release-macos-arm64 1.1.0 24.00 NOTE
r-release-macos-x86_64 1.1.0 36.00 NOTE
r-release-windows-x86_64 1.1.0 5.00 70.00 75.00 NOTE
r-oldrel-macos-arm64 1.1.0 28.00 NOTE
r-oldrel-macos-x86_64 1.1.0 38.00 NOTE
r-oldrel-windows-x86_64 1.1.0 8.00 75.00 83.00 NOTE

Check Details

Version: 1.1.0
Check: Rd files
Result: NOTE checkRd: (-1) shpdata1.Rd:7: Lost braces 7 | \format{An object of class /code{"list"}.} | ^ checkRd: (-1) shypEstFun.Rd:52: Escaped LaTeX specials: \$ checkRd: (-1) shypEstFun.Rd:54: Escaped LaTeX specials: \$ checkRd: (-1) sncFun.01110.Rd:27: Lost braces 27 | The function is Eq. Table 1-C1 in insertRef{Streck.2020}{spsh} using eq 21 which can be used | ^ checkRd: (-1) sncFun.01110.Rd:27: Lost braces 27 | The function is Eq. Table 1-C1 in insertRef{Streck.2020}{spsh} using eq 21 which can be used | ^ checkRd: (-1) sncFun.02110.Rd:27: Lost braces 27 | The function is Eq. Table 1-B in insertRef{Streck.2020}{spsh} | ^ checkRd: (-1) sncFun.02110.Rd:27: Lost braces 27 | The function is Eq. Table 1-B in insertRef{Streck.2020}{spsh} | ^ checkRd: (-1) sncFun.04110.Rd:27: Lost braces 27 | The function is Eq. Table 1-A in insertRef{Streck.2020}{spsh} | ^ checkRd: (-1) sncFun.04110.Rd:27: Lost braces 27 | The function is Eq. Table 1-A in insertRef{Streck.2020}{spsh} | ^ Flavors: r-devel-linux-x86_64-debian-clang, r-devel-linux-x86_64-debian-gcc, r-devel-linux-x86_64-fedora-clang, r-devel-linux-x86_64-fedora-gcc, r-devel-windows-x86_64, r-patched-linux-x86_64, r-release-linux-x86_64, r-release-macos-arm64, r-release-macos-x86_64, r-release-windows-x86_64

Version: 1.1.0
Check: Rd cross-references
Result: NOTE Found the following Rd file(s) with Rd \link{} targets missing package anchors: inipopFun.Rd: lhs Please provide package anchors for all Rd \link{} targets not in the package itself and the base packages. Flavors: r-devel-linux-x86_64-debian-gcc, r-devel-windows-x86_64

Version: 1.1.0
Check: Rd files
Result: NOTE checkRd: (-1) shypEstFun.Rd:52: Escaped LaTeX specials: \$ checkRd: (-1) shypEstFun.Rd:54: Escaped LaTeX specials: \$ Flavors: r-oldrel-macos-arm64, r-oldrel-macos-x86_64, r-oldrel-windows-x86_64