CRAN Package Check Results for Package sprintr

Last updated on 2024-06-18 03:57:22 CEST.

Flavor Version Tinstall Tcheck Ttotal Status Flags
r-devel-linux-x86_64-debian-clang 0.9.0 37.46 84.62 122.08 NOTE
r-devel-linux-x86_64-debian-gcc 0.9.0 24.63 63.92 88.55 NOTE
r-devel-linux-x86_64-fedora-clang 0.9.0 160.85 NOTE
r-devel-linux-x86_64-fedora-gcc 0.9.0 166.71 NOTE
r-devel-windows-x86_64 0.9.0 30.00 92.00 122.00 NOTE
r-patched-linux-x86_64 0.9.0 31.20 79.69 110.89 NOTE
r-release-linux-x86_64 0.9.0 32.15 80.38 112.53 NOTE
r-release-macos-arm64 0.9.0 49.00 NOTE
r-release-macos-x86_64 0.9.0 73.00 NOTE
r-release-windows-x86_64 0.9.0 33.00 97.00 130.00 NOTE
r-oldrel-macos-arm64 0.9.0 53.00 NOTE
r-oldrel-macos-x86_64 0.9.0 87.00 NOTE
r-oldrel-windows-x86_64 0.9.0 37.00 119.00 156.00 NOTE

Check Details

Version: 0.9.0
Check: C++ specification
Result: NOTE Specified C++11: please drop specification unless essential Flavors: r-devel-linux-x86_64-debian-clang, r-devel-linux-x86_64-debian-gcc, r-devel-linux-x86_64-fedora-clang, r-devel-linux-x86_64-fedora-gcc, r-devel-windows-x86_64, r-patched-linux-x86_64, r-release-linux-x86_64, r-release-macos-arm64, r-release-macos-x86_64, r-release-windows-x86_64, r-oldrel-macos-arm64, r-oldrel-macos-x86_64, r-oldrel-windows-x86_64