CRAN Package Check Results for Package spqdep

Last updated on 2023-09-28 15:58:35 CEST.

Flavor Version Tinstall Tcheck Ttotal Status Flags
r-devel-linux-x86_64-debian-clang 0.1.2 20.45 391.60 412.05 OK
r-devel-linux-x86_64-debian-gcc 0.1.2 19.68 280.43 300.11 OK
r-devel-linux-x86_64-fedora-clang 0.1.2 525.93 NOTE
r-devel-linux-x86_64-fedora-gcc 0.1.2 516.86 NOTE
r-devel-windows-x86_64 0.1.2 21.00 337.00 358.00 OK
r-patched-linux-x86_64 0.1.2 24.96 363.03 387.99 OK
r-release-linux-x86_64 0.1.2 15.20 369.57 384.77 OK
r-release-macos-arm64 0.1.2 164.00 OK
r-release-macos-x86_64 0.1.2 261.00 OK
r-release-windows-x86_64 0.1.2 27.00 411.00 438.00 OK
r-oldrel-macos-arm64 0.1.2 216.00 NOTE
r-oldrel-macos-x86_64 0.1.2 333.00 NOTE
r-oldrel-windows-x86_64 0.1.2 26.00 389.00 415.00 OK

Check Details

Version: 0.1.2
Check: dependencies in R code
Result: NOTE
    Namespaces in Imports field not imported from:
     ‘lwgeom’ ‘rgeoda’
     All declared Imports should be used.
Flavors: r-devel-linux-x86_64-fedora-clang, r-devel-linux-x86_64-fedora-gcc, r-oldrel-macos-arm64, r-oldrel-macos-x86_64

Version: 0.1.2
Check: data for non-ASCII characters
Result: NOTE
     Note: found 4 marked UTF-8 strings
Flavors: r-devel-linux-x86_64-fedora-clang, r-devel-linux-x86_64-fedora-gcc, r-oldrel-macos-arm64, r-oldrel-macos-x86_64