CRAN Package Check Results for Package spqdep

Last updated on 2022-09-25 03:54:42 CEST.

Flavor Version Tinstall Tcheck Ttotal Status Flags
r-devel-linux-x86_64-debian-clang 0.1.2 23.32 400.36 423.68 OK
r-devel-linux-x86_64-debian-gcc 0.1.2 17.98 281.64 299.62 OK
r-devel-linux-x86_64-fedora-clang 0.1.2 532.92 NOTE
r-devel-linux-x86_64-fedora-gcc 0.1.2 499.20 NOTE
r-devel-windows-x86_64 0.1.2 126.00 430.00 556.00 OK
r-patched-linux-x86_64 0.1.2 23.77 370.33 394.10 OK
r-release-linux-x86_64 0.1.2 16.69 362.59 379.28 OK
r-release-macos-arm64 0.1.2 216.00 NOTE
r-release-macos-x86_64 0.1.2 333.00 NOTE
r-release-windows-x86_64 0.1.2 62.00 436.00 498.00 OK
r-oldrel-macos-arm64 0.1.2 205.00 NOTE
r-oldrel-macos-x86_64 0.1.2 247.00 NOTE
r-oldrel-windows-ix86+x86_64 0.1.2 45.00 467.00 512.00 ERROR

Check Details

Version: 0.1.2
Check: dependencies in R code
Result: NOTE
    Namespaces in Imports field not imported from:
     ‘lwgeom’ ‘rgeoda’
     All declared Imports should be used.
Flavors: r-devel-linux-x86_64-fedora-clang, r-devel-linux-x86_64-fedora-gcc, r-release-macos-arm64, r-release-macos-x86_64, r-oldrel-macos-arm64, r-oldrel-macos-x86_64

Version: 0.1.2
Check: data for non-ASCII characters
Result: NOTE
     Note: found 4 marked UTF-8 strings
Flavors: r-devel-linux-x86_64-fedora-clang, r-devel-linux-x86_64-fedora-gcc, r-release-macos-arm64, r-release-macos-x86_64, r-oldrel-macos-arm64, r-oldrel-macos-x86_64

Version: 0.1.2
Check: PDF version of manual
Result: WARN
    LaTeX errors when creating PDF version.
    This typically indicates Rd problems.
    LaTeX errors found:
    ! Package inputenc Error: Unicode char â<c2><80><c2><90> (U+2010)
    (inputenc) not set up for use with LaTeX.
    
    See the inputenc package documentation for explanation.
    Type H <return> for immediate help.
    ! Package inputenc Error: Unicode char â<c2><80><c2><90> (U+2010)
    (inputenc) not set up for use with LaTeX.
    
    See the inputenc package documentation for explanation.
    Type H <return> for immediate help.
Flavor: r-oldrel-windows-ix86+x86_64

Version: 0.1.2
Check: PDF version of manual without hyperrefs or index
Result: ERROR
Flavor: r-oldrel-windows-ix86+x86_64