CRAN Package Check Results for Package spocc

Last updated on 2021-11-28 03:54:22 CET.

Flavor Version Tinstall Tcheck Ttotal Status Flags
r-devel-linux-x86_64-debian-clang 1.2.0 NOTE
r-devel-linux-x86_64-debian-gcc 1.2.0 11.56 63.57 75.13 NOTE
r-devel-linux-x86_64-fedora-clang 1.2.0 128.96 NOTE
r-devel-linux-x86_64-fedora-gcc 1.2.0 117.48 NOTE
r-devel-windows-x86_64-new-UL 1.2.0 27.00 129.00 156.00 NOTE
r-devel-windows-x86_64-new-TK 1.2.0 NOTE
r-devel-windows-x86_64-old 1.2.0 15.00 92.00 107.00 NOTE
r-patched-linux-x86_64 1.2.0 19.98 80.36 100.34 NOTE
r-patched-solaris-x86 1.2.0 164.80 NOTE
r-release-linux-x86_64 1.2.0 NOTE
r-release-macos-arm64 1.2.0 NOTE
r-release-macos-x86_64 1.2.0 NOTE
r-release-windows-ix86+x86_64 1.2.0 25.00 109.00 134.00 NOTE
r-oldrel-macos-x86_64 1.2.0 OK
r-oldrel-windows-ix86+x86_64 1.2.0 30.00 112.00 142.00 OK

Check Details

Version: 1.2.0
Check: LazyData
Result: NOTE
     'LazyData' is specified without a 'data' directory
Flavors: r-devel-linux-x86_64-debian-clang, r-devel-linux-x86_64-debian-gcc, r-devel-linux-x86_64-fedora-clang, r-devel-linux-x86_64-fedora-gcc, r-devel-windows-x86_64-new-UL, r-devel-windows-x86_64-new-TK, r-devel-windows-x86_64-old, r-patched-linux-x86_64, r-patched-solaris-x86, r-release-linux-x86_64, r-release-macos-arm64, r-release-macos-x86_64, r-release-windows-ix86+x86_64