CRAN Package Check Results for Package spiritR

Last updated on 2021-11-29 03:53:22 CET.

Flavor Version Tinstall Tcheck Ttotal Status Flags
r-devel-linux-x86_64-debian-clang 0.1.1 NOTE
r-devel-linux-x86_64-debian-gcc 0.1.1 1.97 20.87 22.84 NOTE
r-devel-linux-x86_64-fedora-clang 0.1.1 44.72 NOTE
r-devel-linux-x86_64-fedora-gcc 0.1.1 33.77 NOTE
r-devel-windows-x86_64-new-UL 0.1.1 9.00 63.00 72.00 NOTE
r-devel-windows-x86_64-new-TK 0.1.1 NOTE
r-devel-windows-x86_64-old 0.1.1 5.00 48.00 53.00 NOTE
r-patched-linux-x86_64 0.1.1 2.76 23.90 26.66 NOTE
r-patched-solaris-x86 0.1.1 51.00 NOTE
r-release-linux-x86_64 0.1.1 2.37 24.10 26.47 NOTE
r-release-macos-arm64 0.1.1 NOTE
r-release-macos-x86_64 0.1.1 NOTE
r-release-windows-ix86+x86_64 0.1.1 5.00 31.00 36.00 NOTE
r-oldrel-macos-x86_64 0.1.1 OK
r-oldrel-windows-ix86+x86_64 0.1.1 5.00 52.00 57.00 OK

Check Details

Version: 0.1.1
Check: LazyData
Result: NOTE
     'LazyData' is specified without a 'data' directory
Flavors: r-devel-linux-x86_64-debian-clang, r-devel-linux-x86_64-debian-gcc, r-devel-linux-x86_64-fedora-clang, r-devel-linux-x86_64-fedora-gcc, r-devel-windows-x86_64-new-UL, r-devel-windows-x86_64-new-TK, r-devel-windows-x86_64-old, r-patched-linux-x86_64, r-patched-solaris-x86, r-release-linux-x86_64, r-release-macos-arm64, r-release-macos-x86_64, r-release-windows-ix86+x86_64