CRAN Package Check Results for Package spinBayes

Last updated on 2022-01-23 15:49:22 CET.

Flavor Version Tinstall Tcheck Ttotal Status Flags
r-devel-linux-x86_64-debian-clang 0.1.0 126.81 52.33 179.14 OK
r-devel-linux-x86_64-debian-gcc 0.1.0 96.14 43.11 139.25 OK
r-devel-linux-x86_64-fedora-clang 0.1.0 270.32 NOTE
r-devel-linux-x86_64-fedora-gcc 0.1.0 229.17 NOTE
r-devel-windows-x86_64-new-UL 0.1.0 116.00 92.00 208.00 OK
r-devel-windows-x86_64-new-TK 0.1.0 NOTE
r-patched-linux-x86_64 0.1.0 112.52 49.65 162.17 OK
r-release-linux-x86_64 0.1.0 110.42 49.87 160.29 OK
r-release-macos-arm64 0.1.0 NOTE
r-release-macos-x86_64 0.1.0 NOTE
r-release-windows-ix86+x86_64 0.1.0 299.00 99.00 398.00 OK
r-oldrel-macos-x86_64 0.1.0 NOTE
r-oldrel-windows-ix86+x86_64 0.1.0 300.00 105.00 405.00 OK

Check Details

Version: 0.1.0
Check: installed package size
Result: NOTE
     installed size is 6.6Mb
     sub-directories of 1Mb or more:
     libs 6.0Mb
Flavors: r-devel-linux-x86_64-fedora-clang, r-release-macos-arm64, r-release-macos-x86_64, r-oldrel-macos-x86_64

Version: 0.1.0
Check: dependencies in R code
Result: NOTE
    Namespace in Imports field not imported from: ‘MASS’
     All declared Imports should be used.
Flavors: r-devel-linux-x86_64-fedora-clang, r-devel-linux-x86_64-fedora-gcc, r-devel-windows-x86_64-new-TK, r-release-macos-arm64, r-release-macos-x86_64, r-oldrel-macos-x86_64