CRAN Package Check Results for Package spgwr

Last updated on 2022-10-07 15:53:11 CEST.

Flavor Version Tinstall Tcheck Ttotal Status Flags
r-devel-linux-x86_64-debian-clang 0.6-35 6.68 64.27 70.95 OK
r-devel-linux-x86_64-debian-gcc 0.6-35 4.90 49.64 54.54 NOTE
r-devel-linux-x86_64-fedora-clang 0.6-35 100.16 OK
r-devel-linux-x86_64-fedora-gcc 0.6-35 98.41 OK
r-devel-windows-x86_64 0.6-35 12.00 103.00 115.00 OK
r-patched-linux-x86_64 0.6-35 5.84 61.12 66.96 OK
r-release-linux-x86_64 0.6-35 5.89 60.62 66.51 OK
r-release-macos-arm64 0.6-35 94.00 OK
r-release-macos-x86_64 0.6-35 125.00 OK
r-release-windows-x86_64 0.6-35 19.00 104.00 123.00 OK
r-oldrel-macos-arm64 0.6-35 86.00 OK
r-oldrel-macos-x86_64 0.6-35 115.00 OK
r-oldrel-windows-ix86+x86_64 0.6-35 16.00 121.00 137.00 OK

Check Details

Version: 0.6-35
Check: compilation flags used
Result: NOTE
    Compilation used the following non-portable flag(s):
     ā€˜-Wstrict-prototypesā€™
Flavor: r-devel-linux-x86_64-debian-gcc