CRAN Package Check Results for Package spectralAnalysis

Last updated on 2021-10-26 15:51:27 CEST.

Flavor Version Tinstall Tcheck Ttotal Status Flags
r-devel-linux-x86_64-debian-clang 3.12.0 17.54 132.73 150.27 NOTE
r-devel-linux-x86_64-debian-gcc 3.12.0 12.43 99.61 112.04 NOTE
r-devel-linux-x86_64-fedora-clang 3.12.0 188.09 NOTE
r-devel-linux-x86_64-fedora-gcc 3.12.0 171.58 NOTE
r-devel-windows-x86_64 3.12.0 34.00 107.00 141.00 NOTE
r-devel-windows-x86_64-gcc10-UCRT 3.12.0 NOTE
r-patched-linux-x86_64 3.12.0 18.61 126.94 145.55 NOTE
r-patched-solaris-x86 3.12.0 247.30 NOTE
r-release-linux-x86_64 3.12.0 16.22 127.07 143.29 NOTE
r-release-macos-arm64 3.12.0 NOTE
r-release-macos-x86_64 3.12.0 NOTE
r-release-windows-ix86+x86_64 3.12.0 28.00 162.00 190.00 NOTE
r-oldrel-macos-x86_64 3.12.0 OK
r-oldrel-windows-ix86+x86_64 3.12.0 39.00 157.00 196.00 OK

Check Details

Version: 3.12.0
Check: LazyData
Result: NOTE
     'LazyData' is specified without a 'data' directory
Flavors: r-devel-linux-x86_64-debian-clang, r-devel-linux-x86_64-debian-gcc, r-devel-linux-x86_64-fedora-clang, r-devel-linux-x86_64-fedora-gcc, r-devel-windows-x86_64, r-devel-windows-x86_64-gcc10-UCRT, r-patched-linux-x86_64, r-patched-solaris-x86, r-release-linux-x86_64, r-release-macos-arm64, r-release-macos-x86_64, r-release-windows-ix86+x86_64