CRAN Package Check Results for Package specr

Last updated on 2022-01-16 04:08:25 CET.

Flavor Version Tinstall Tcheck Ttotal Status Flags
r-devel-linux-x86_64-debian-clang 0.2.1 13.44 228.19 241.63 OK
r-devel-linux-x86_64-debian-gcc 0.2.1 10.58 164.97 175.55 OK
r-devel-linux-x86_64-fedora-clang 0.2.1 274.34 OK
r-devel-linux-x86_64-fedora-gcc 0.2.1 260.48 OK
r-devel-windows-x86_64-new-UL 0.2.1 32.00 259.00 291.00 OK
r-devel-windows-x86_64-new-TK 0.2.1 ERROR
r-patched-linux-x86_64 0.2.1 10.25 227.35 237.60 OK
r-release-linux-x86_64 0.2.1 9.23 222.90 232.13 OK
r-release-macos-arm64 0.2.1 OK
r-release-macos-x86_64 0.2.1 OK
r-release-windows-ix86+x86_64 0.2.1 27.00 274.00 301.00 OK
r-oldrel-macos-x86_64 0.2.1 OK
r-oldrel-windows-ix86+x86_64 0.2.1 27.00 288.00 315.00 OK

Check Details

Version: 0.2.1
Check: package dependencies
Result: ERROR
    Package required but not available: 'lme4'
    
    See section 'The DESCRIPTION file' in the 'Writing R Extensions'
    manual.
Flavor: r-devel-windows-x86_64-new-TK