CRAN Package Check Results for Package spcov

Last updated on 2022-05-19 15:53:31 CEST.

Flavor Version Tinstall Tcheck Ttotal Status Flags
r-devel-linux-x86_64-debian-clang 1.01 2.39 37.78 40.17 NOTE
r-devel-linux-x86_64-debian-gcc 1.01 1.86 29.16 31.02 NOTE
r-devel-linux-x86_64-fedora-clang 1.01 50.46 NOTE
r-devel-linux-x86_64-fedora-gcc 1.01 47.34 NOTE
r-devel-windows-x86_64 1.01 10.00 51.00 61.00 NOTE
r-patched-linux-x86_64 1.01 1.77 37.38 39.15 NOTE
r-release-linux-x86_64 1.01 1.83 36.04 37.87 NOTE
r-release-macos-arm64 1.01 17.00 NOTE
r-release-macos-x86_64 1.01 23.00 NOTE
r-release-windows-x86_64 1.01 5.00 51.00 56.00 NOTE
r-oldrel-macos-arm64 1.01 20.00 NOTE
r-oldrel-macos-x86_64 1.01 31.00 NOTE
r-oldrel-windows-ix86+x86_64 1.01 5.00 30.00 35.00 NOTE

Check Details

Version: 1.01
Check: R code for possible problems
Result: NOTE
    GenerateCliquesCovariance: no visible global function definition for
     'rnorm'
    Undefined global functions or variables:
     rnorm
    Consider adding
     importFrom("stats", "rnorm")
    to your NAMESPACE file.
Flavors: r-devel-linux-x86_64-debian-clang, r-devel-linux-x86_64-debian-gcc, r-devel-linux-x86_64-fedora-clang, r-devel-linux-x86_64-fedora-gcc, r-devel-windows-x86_64, r-patched-linux-x86_64, r-release-linux-x86_64, r-release-macos-arm64, r-release-macos-x86_64, r-release-windows-x86_64, r-oldrel-macos-arm64, r-oldrel-macos-x86_64, r-oldrel-windows-ix86+x86_64