CRAN Package Check Results for Package spc4sts

Last updated on 2024-07-18 15:49:13 CEST.

Flavor Version Tinstall Tcheck Ttotal Status Flags
r-devel-linux-x86_64-debian-clang 0.6.3 3.34 45.58 48.92 OK
r-devel-linux-x86_64-debian-gcc 0.6.3 3.91 34.04 37.95 OK
r-devel-linux-x86_64-fedora-clang 0.6.3 63.34 OK
r-devel-linux-x86_64-fedora-gcc 0.6.3 65.46 OK
r-devel-windows-x86_64 0.6.3 6.00 58.00 64.00 NOTE
r-patched-linux-x86_64 0.6.3 5.48 45.21 50.69 OK
r-release-linux-x86_64 0.6.3 5.72 44.52 50.24 OK
r-release-macos-arm64 0.6.3 24.00 OK
r-release-macos-x86_64 0.6.3 62.00 OK
r-release-windows-x86_64 0.6.3 5.00 58.00 63.00 OK
r-oldrel-macos-arm64 0.6.3 24.00 OK
r-oldrel-macos-x86_64 0.6.3 33.00 OK
r-oldrel-windows-x86_64 0.6.3 6.00 63.00 69.00 OK

Check Details

Version: 0.6.3
Check: Rd cross-references
Result: NOTE Found the following Rd file(s) with Rd \link{} targets missing package anchors: surfacemodel.Rd: rpart.control, rpart Please provide package anchors for all Rd \link{} targets not in the package itself and the base packages. Flavor: r-devel-windows-x86_64