CRAN Package Check Results for Package spatstat.geom

Last updated on 2021-11-30 15:52:35 CET.

Flavor Version Tinstall Tcheck Ttotal Status Flags
r-devel-linux-x86_64-debian-clang 2.3-0 62.70 340.64 403.34 OK
r-devel-linux-x86_64-debian-gcc 2.3-0 52.51 254.17 306.68 OK
r-devel-linux-x86_64-fedora-clang 2.3-0 501.25 OK
r-devel-linux-x86_64-fedora-gcc 2.3-0 488.75 OK
r-devel-windows-x86_64-new-UL 2.3-0 166.00 502.00 668.00 OK
r-devel-windows-x86_64-new-TK 2.3-0 OK
r-devel-windows-x86_64-old 2.3-0 98.00 351.00 449.00 OK
r-patched-linux-x86_64 2.3-0 71.95 333.45 405.40 OK
r-patched-solaris-x86 2.3-0 593.60 OK
r-release-linux-x86_64 2.3-0 55.94 332.74 388.68 OK
r-release-macos-arm64 2.3-0 NOTE
r-release-macos-x86_64 2.3-0 OK
r-release-windows-ix86+x86_64 2.3-0 137.00 476.00 613.00 OK
r-oldrel-macos-x86_64 2.3-0 OK
r-oldrel-windows-ix86+x86_64 2.3-0 104.00 501.00 605.00 OK

Check Details

Version: 2.3-0
Check: installed package size
Result: NOTE
     installed size is 5.9Mb
     sub-directories of 1Mb or more:
     R 2.1Mb
     help 2.7Mb
Flavor: r-release-macos-arm64