Last updated on 2023-11-30 15:48:31 CET.
Flavor | Version | Tinstall | Tcheck | Ttotal | Status | Flags |
---|---|---|---|---|---|---|
r-devel-linux-x86_64-debian-clang | 3.2-5 | 53.66 | 457.87 | 511.53 | OK | |
r-devel-linux-x86_64-debian-gcc | 3.2-5 | 50.13 | 336.44 | 386.57 | OK | |
r-devel-linux-x86_64-fedora-clang | 3.2-5 | 672.51 | OK | |||
r-devel-linux-x86_64-fedora-gcc | 3.2-5 | 669.34 | OK | |||
r-devel-windows-x86_64 | 3.2-5 | 56.00 | 406.00 | 462.00 | OK | |
r-patched-linux-x86_64 | 3.2-5 | 75.58 | 441.93 | 517.51 | OK | |
r-release-linux-x86_64 | 3.2-5 | 52.44 | 439.58 | 492.02 | OK | |
r-release-macos-arm64 | 3.2-5 | 169.00 | NOTE | |||
r-release-macos-x86_64 | 3.2-5 | 390.00 | NOTE | |||
r-release-windows-x86_64 | 3.2-5 | 75.00 | 535.00 | 610.00 | OK | |
r-oldrel-macos-arm64 | 3.2-5 | 153.00 | OK | |||
r-oldrel-macos-x86_64 | 3.2-3 | 208.00 | OK | |||
r-oldrel-windows-x86_64 | 3.2-5 | 72.00 | 501.00 | 573.00 | OK |
Version: 3.2-5
Check: installed package size
Result: NOTE
installed size is 5.5Mb
sub-directories of 1Mb or more:
R 2.2Mb
help 2.6Mb
Flavors: r-release-macos-arm64, r-release-macos-x86_64