CRAN Package Check Results for Package spatialprobit

Last updated on 2022-01-25 15:54:32 CET.

Flavor Version Tinstall Tcheck Ttotal Status Flags
r-devel-linux-x86_64-debian-clang 1.0 34.87 343.28 378.15 OK
r-devel-linux-x86_64-debian-gcc 1.0 34.76 256.73 291.49 OK
r-devel-linux-x86_64-fedora-clang 1.0 418.51 OK
r-devel-linux-x86_64-fedora-gcc 1.0 444.89 OK
r-devel-windows-x86_64-new-UL 1.0 79.00 330.00 409.00 OK
r-devel-windows-x86_64-new-TK 1.0 OK
r-patched-linux-x86_64 1.0 33.30 305.81 339.11 OK
r-release-linux-x86_64 1.0 34.72 303.25 337.97 OK
r-release-macos-arm64 1.0 WARN
r-release-macos-x86_64 1.0 WARN
r-release-windows-ix86+x86_64 1.0 78.00 325.00 403.00 OK
r-oldrel-macos-x86_64 1.0 OK
r-oldrel-windows-ix86+x86_64 1.0 82.00 324.00 406.00 OK

Check Details

Version: 1.0
Check: whether package can be installed
Result: WARN
    Found the following significant warnings:
     Warning: multiple methods tables found for ‘direction’
     Warning: multiple methods tables found for ‘gridDistance’
Flavors: r-release-macos-arm64, r-release-macos-x86_64