CRAN Package Check Results for Package spatialnbda

Last updated on 2022-01-22 03:56:58 CET.

Flavor Version Tinstall Tcheck Ttotal Status Flags
r-devel-linux-x86_64-debian-clang 1.0 3.20 51.73 54.93 NOTE
r-devel-linux-x86_64-debian-gcc 1.0 3.36 40.24 43.60 NOTE
r-devel-linux-x86_64-fedora-clang 1.0 70.87 NOTE
r-devel-linux-x86_64-fedora-gcc 1.0 58.90 NOTE
r-devel-windows-x86_64-new-UL 1.0 57.00 77.00 134.00 NOTE
r-devel-windows-x86_64-new-TK 1.0 NOTE
r-patched-linux-x86_64 1.0 3.15 50.99 54.14 NOTE
r-release-linux-x86_64 1.0 3.46 50.97 54.43 NOTE
r-release-macos-arm64 1.0 NOTE
r-release-macos-x86_64 1.0 NOTE
r-release-windows-ix86+x86_64 1.0 10.00 65.00 75.00 NOTE
r-oldrel-macos-x86_64 1.0 NOTE
r-oldrel-windows-ix86+x86_64 1.0 10.00 65.00 75.00 NOTE

Check Details

Version: 1.0
Check: R code for possible problems
Result: NOTE
    mcmc : blockupdate: no visible global function definition for 'runif'
    mcmc : CpS: no visible global function definition for 'dunif'
    mcmc: no visible global function definition for 'par'
    mcmc: no visible global function definition for 'density'
    mcmc: no visible global function definition for 'acf'
    mcmc: no visible global function definition for 'quantile'
    mcmcre : blockupdate: no visible global function definition for 'runif'
    mcmcre : CpS: no visible global function definition for 'dunif'
    mcmcre : CpS: no visible global function definition for 'dnorm'
    mcmcre: no visible global function definition for 'par'
    mcmcre: no visible global function definition for 'density'
    mcmcre: no visible global function definition for 'acf'
    mcmcre: no visible global function definition for 'quantile'
    nullmcmc : updatelambda: no visible global function definition for
     'runif'
    nullmcmc : CpS: no visible global function definition for 'dunif'
    nullmcmc: no visible global function definition for 'density'
    nullmcmc: no visible global function definition for 'acf'
    nullmcmc: no visible global function definition for 'quantile'
    rjmcmc : updates: no visible global function definition for 'runif'
    rjmcmc : updatelambda: no visible global function definition for
     'runif'
    rjmcmc : CpS: no visible global function definition for 'dunif'
    rjmcmc : model_space_travel: no visible global function definition for
     'rnorm'
    rjmcmc : model_space_travel: no visible global function definition for
     'dnorm'
    rjmcmc : model_space_travel: no visible global function definition for
     'runif'
    rjmcmc: no visible global function definition for 'par'
    rjmcmc: no visible global function definition for 'density'
    rjmcmc: no visible global function definition for 'acf'
    rjmcmc: no visible global function definition for 'sd'
    rjmcmc: no visible global function definition for 'rnorm'
    rjmcmc: no visible global function definition for 'cov'
    smcmc : updates: no visible global function definition for 'runif'
    smcmc : updatelambda: no visible global function definition for 'runif'
    smcmc : updatecovariate: no visible global function definition for
     'runif'
    smcmc : CpS: no visible global function definition for 'dunif'
    smcmc: no visible global function definition for 'par'
    smcmc: no visible global function definition for 'sd'
    Undefined global functions or variables:
     acf cov density dnorm dunif par quantile rnorm runif sd
    Consider adding
     importFrom("graphics", "par")
     importFrom("stats", "acf", "cov", "density", "dnorm", "dunif",
     "quantile", "rnorm", "runif", "sd")
    to your NAMESPACE file.
Flavors: r-devel-linux-x86_64-debian-clang, r-devel-linux-x86_64-debian-gcc, r-devel-linux-x86_64-fedora-clang, r-devel-linux-x86_64-fedora-gcc, r-devel-windows-x86_64-new-UL, r-devel-windows-x86_64-new-TK, r-patched-linux-x86_64, r-release-linux-x86_64, r-release-macos-arm64, r-release-macos-x86_64, r-release-windows-ix86+x86_64, r-oldrel-macos-x86_64, r-oldrel-windows-ix86+x86_64