CRAN Package Check Results for Package spatialTIME

Last updated on 2021-10-22 03:55:39 CEST.

Flavor Version Tinstall Tcheck Ttotal Status Flags
r-devel-linux-x86_64-debian-clang 1.2.0 6.87 268.26 275.13 OK
r-devel-linux-x86_64-debian-gcc 1.2.0 5.87 200.50 206.37 OK
r-devel-linux-x86_64-fedora-clang 1.2.0 324.53 NOTE
r-devel-linux-x86_64-fedora-gcc 1.2.0 318.87 NOTE
r-devel-windows-x86_64 1.2.0 12.00 295.00 307.00 OK
r-devel-windows-x86_64-gcc10-UCRT 1.2.0 NOTE
r-patched-linux-x86_64 1.2.0 7.05 260.88 267.93 OK
r-patched-solaris-x86 1.2.0 108.50 NOTE
r-release-linux-x86_64 1.2.0 6.77 260.18 266.95 OK
r-release-macos-arm64 1.2.0 NOTE
r-release-macos-x86_64 1.2.0 NOTE
r-release-windows-ix86+x86_64 1.2.0 14.00 328.00 342.00 OK
r-oldrel-macos-x86_64 1.2.0 NOTE
r-oldrel-windows-ix86+x86_64 1.2.0 14.00 358.00 372.00 OK

Check Details

Version: 1.2.0
Check: dependencies in R code
Result: NOTE
    Namespaces in Imports field not imported from:
     ‘ggpubr’ ‘pheatmap’ ‘rlist’ ‘stats’ ‘viridis’
     All declared Imports should be used.
Flavors: r-devel-linux-x86_64-fedora-clang, r-devel-linux-x86_64-fedora-gcc, r-devel-windows-x86_64-gcc10-UCRT, r-patched-solaris-x86, r-release-macos-arm64, r-release-macos-x86_64, r-oldrel-macos-x86_64