CRAN Package Check Results for Package spatialEco

Last updated on 2021-12-01 03:55:42 CET.

Flavor Version Tinstall Tcheck Ttotal Status Flags
r-devel-linux-x86_64-debian-clang 1.3-7 38.23 397.30 435.53 OK
r-devel-linux-x86_64-debian-gcc 1.3-7 31.74 295.45 327.19 OK
r-devel-linux-x86_64-fedora-clang 1.3-7 522.54 OK
r-devel-linux-x86_64-fedora-gcc 1.3-7 508.22 OK
r-devel-windows-x86_64-new-UL 1.3-7 67.00 551.00 618.00 OK
r-devel-windows-x86_64-new-TK 1.3-7 OK
r-devel-windows-x86_64-old 1.3-7 53.00 250.00 303.00 ERROR
r-patched-linux-x86_64 1.3-7 34.44 371.60 406.04 OK
r-patched-solaris-x86 1.3-7 602.40 OK
r-release-linux-x86_64 1.3-7 32.52 367.85 400.37 OK
r-release-macos-arm64 1.3-7 OK
r-release-macos-x86_64 1.3-7 OK
r-release-windows-ix86+x86_64 1.3-7 72.00 228.00 300.00 ERROR
r-oldrel-macos-x86_64 1.3-7 OK
r-oldrel-windows-ix86+x86_64 1.3-7 49.00 233.00 282.00 ERROR

Check Details

Version: 1.3-7
Check: examples
Result: ERROR
    Running examples in 'spatialEco-Ex.R' failed
    The error most likely occurred in:
    
    > ### Name: cgls_urls
    > ### Title: Provide URL's for Copernicus Global Land Service datasets
    > ### Aliases: cgls_urls
    >
    > ### ** Examples
    >
    > # Create date string for query
    > d <- seq(as.Date("2020/05/01"), as.Date("2020-09-01"), by="day")
    >
    > # Search for 300m (333m) LAI within specified date range
    > all.urls <- cgls_urls(dates = d, resolution = 300,
    + product = "lai")
    Warning in file(con, "r") :
     URL 'https://land.copernicus.vgt.vito.be/manifest/': status was 'SSL connect error'
    Error in file(con, "r") :
     cannot open the connection to 'http://land.copernicus.vgt.vito.be/manifest/'
    Calls: cgls_urls -> paste -> readLines -> file
    Execution halted
Flavor: r-devel-windows-x86_64-old

Version: 1.3-7
Check: examples
Result: ERROR
    Running examples in 'spatialEco-Ex.R' failed
    The error most likely occurred in:
    
    > ### Name: cgls_urls
    > ### Title: Provide URL's for Copernicus Global Land Service datasets
    > ### Aliases: cgls_urls
    >
    > ### ** Examples
    >
    > # Create date string for query
    > d <- seq(as.Date("2020/05/01"), as.Date("2020-09-01"), by="day")
    >
    > # Search for 300m (333m) LAI within specified date range
    > all.urls <- cgls_urls(dates = d, resolution = 300,
    + product = "lai")
    Warning in file(con, "r") :
     InternetOpenUrl failed: 'Die Serververbindung konnte nicht hergestellt werden.'
    Error in file(con, "r") : cannot open the connection
    Calls: cgls_urls -> paste -> readLines -> file
    Execution halted
Flavors: r-release-windows-ix86+x86_64, r-oldrel-windows-ix86+x86_64