CRAN Package Check Results for Package spatPomp

Last updated on 2024-07-15 15:54:36 CEST.

Flavor Version Tinstall Tcheck Ttotal Status Flags
r-devel-linux-x86_64-debian-clang 0.35.0 25.30 198.85 224.15 OK
r-devel-linux-x86_64-debian-gcc 0.35.0 17.00 145.30 162.30 OK
r-devel-linux-x86_64-fedora-clang 0.35.0 277.12 OK
r-devel-linux-x86_64-fedora-gcc 0.35.0 281.86 OK
r-devel-windows-x86_64 0.35.0 23.00 235.00 258.00 NOTE
r-patched-linux-x86_64 0.35.0 29.97 184.32 214.29 OK
r-release-linux-x86_64 0.35.0 13.73 186.71 200.44 OK
r-release-macos-arm64 0.35.0 94.00 OK
r-release-macos-x86_64 0.35.0 169.00 OK
r-release-windows-x86_64 0.35.0 27.00 232.00 259.00 OK
r-oldrel-macos-arm64 0.35.0 99.00 OK
r-oldrel-macos-x86_64 0.35.0 152.00 OK
r-oldrel-windows-x86_64 0.35.0 31.00 285.00 316.00 OK

Check Details

Version: 0.35.0
Check: Rd cross-references
Result: NOTE Found the following Rd file(s) with Rd \link{} targets missing package anchors: spatPomp-package.Rd: pomp-package Please provide package anchors for all Rd \link{} targets not in the package itself and the base packages. Flavor: r-devel-windows-x86_64