CRAN Package Check Results for Package sparsegl

Last updated on 2024-06-13 03:49:36 CEST.

Flavor Version Tinstall Tcheck Ttotal Status Flags
r-devel-linux-x86_64-debian-clang 1.0.2 26.68 332.99 359.67 OK
r-devel-linux-x86_64-debian-gcc 1.0.2 0.46 1.76 2.22 ERROR
r-devel-linux-x86_64-fedora-clang 1.0.2 448.33 NOTE
r-devel-linux-x86_64-fedora-gcc 1.0.2 436.59 OK
r-devel-windows-x86_64 1.0.2 23.00 235.00 258.00 OK
r-patched-linux-x86_64 1.0.2 21.21 316.67 337.88 OK
r-release-linux-x86_64 1.0.2 14.06 324.84 338.90 OK
r-release-macos-arm64 1.0.2 101.00 OK
r-release-macos-x86_64 1.0.2 188.00 OK
r-release-windows-x86_64 1.0.2 24.00 222.00 246.00 OK
r-oldrel-macos-arm64 1.0.2 121.00 OK
r-oldrel-macos-x86_64 1.0.2 252.00 OK
r-oldrel-windows-x86_64 1.0.2 28.00 319.00 347.00 OK

Check Details

Version: 1.0.2
Check: package dependencies
Result: ERROR Packages required but not available: 'ggplot2', 'tidyr' Packages suggested but not available for checking: 'dplyr', 'testthat' See section ‘The DESCRIPTION file’ in the ‘Writing R Extensions’ manual. Flavor: r-devel-linux-x86_64-debian-gcc

Version: 1.0.2
Check: installed package size
Result: NOTE installed size is 5.8Mb sub-directories of 1Mb or more: libs 4.9Mb Flavor: r-devel-linux-x86_64-fedora-clang