Last updated on 2025-04-30 04:50:20 CEST.
Flavor | Version | Tinstall | Tcheck | Ttotal | Status | Flags |
---|---|---|---|---|---|---|
r-devel-linux-x86_64-debian-clang | 1.0 | 70.00 | 304.31 | 374.31 | NOTE | |
r-devel-linux-x86_64-debian-gcc | 1.0 | 48.23 | 207.81 | 256.04 | NOTE | |
r-devel-linux-x86_64-fedora-clang | 1.0 | 578.10 | OK | |||
r-devel-linux-x86_64-fedora-gcc | 1.0 | 589.52 | OK | |||
r-devel-windows-x86_64 | 1.0 | 79.00 | 380.00 | 459.00 | OK | |
r-patched-linux-x86_64 | 1.0 | 65.46 | 311.12 | 376.58 | OK | |
r-release-linux-x86_64 | 1.0 | 68.90 | 312.08 | 380.98 | OK | |
r-release-macos-arm64 | 1.0 | 187.00 | OK | |||
r-release-macos-x86_64 | 1.0 | 393.00 | OK | |||
r-release-windows-x86_64 | 1.0 | 79.00 | 388.00 | 467.00 | OK | |
r-oldrel-macos-arm64 | 1.0 | 192.00 | OK | |||
r-oldrel-macos-x86_64 | 1.0 | 306.00 | NOTE | |||
r-oldrel-windows-x86_64 | 1.0 | 90.00 | 545.00 | 635.00 | OK |
Version: 1.0
Check: CRAN incoming feasibility
Result: NOTE
Maintainer: ‘Alex Gibberd <a.gibberd@lancaster.ac.uk>’
The Description field contains
<arXiv:2303.11892>. Options to use classic multivariate Kalman filter
Please refer to arXiv e-prints via their arXiv DOI <doi:10.48550/arXiv.YYMM.NNNNN>.
Flavors: r-devel-linux-x86_64-debian-clang, r-devel-linux-x86_64-debian-gcc
Version: 1.0
Check: examples
Result: NOTE
Examples with CPU (user + system) or elapsed time > 5s
user system elapsed
sparseDFM 6.306 0.107 8.08
Flavor: r-devel-linux-x86_64-debian-clang
Version: 1.0
Check: installed package size
Result: NOTE
installed size is 5.1Mb
sub-directories of 1Mb or more:
libs 4.2Mb
Flavor: r-oldrel-macos-x86_64