CRAN Package Check Results for Package sparkavro

Last updated on 2023-02-06 15:57:29 CET.

Flavor Version Tinstall Tcheck Ttotal Status Flags
r-devel-linux-x86_64-debian-clang 0.3.0 7.91 64.17 72.08 NOTE
r-devel-linux-x86_64-debian-gcc 0.3.0 6.17 47.03 53.20 NOTE
r-devel-linux-x86_64-fedora-clang 0.3.0 88.26 NOTE
r-devel-linux-x86_64-fedora-gcc 0.3.0 85.20 NOTE
r-devel-windows-x86_64 0.3.0 16.00 98.00 114.00 NOTE
r-patched-linux-x86_64 0.3.0 7.30 64.12 71.42 NOTE
r-release-linux-x86_64 0.3.0 6.10 65.66 71.76 NOTE
r-release-macos-arm64 0.3.0 28.00 NOTE
r-release-macos-x86_64 0.3.0 47.00 NOTE
r-release-windows-x86_64 0.3.0 21.00 103.00 124.00 NOTE
r-oldrel-macos-arm64 0.3.0 28.00 NOTE
r-oldrel-macos-x86_64 0.3.0 51.00 NOTE
r-oldrel-windows-ix86+x86_64 0.3.0 19.00 92.00 111.00 NOTE

Check Details

Version: 0.3.0
Check: LazyData
Result: NOTE
     'LazyData' is specified without a 'data' directory
Flavors: r-devel-linux-x86_64-debian-clang, r-devel-linux-x86_64-debian-gcc, r-devel-linux-x86_64-fedora-clang, r-devel-linux-x86_64-fedora-gcc, r-devel-windows-x86_64, r-patched-linux-x86_64, r-release-linux-x86_64, r-release-macos-arm64, r-release-macos-x86_64, r-release-windows-x86_64, r-oldrel-macos-arm64, r-oldrel-macos-x86_64, r-oldrel-windows-ix86+x86_64