CRAN Package Check Results for Package spant

Last updated on 2022-01-28 04:01:03 CET.

Flavor Version Tinstall Tcheck Ttotal Status Flags
r-devel-linux-x86_64-debian-clang 1.17.0 21.91 250.23 272.14 OK
r-devel-linux-x86_64-debian-gcc 1.17.0 17.13 197.17 214.30 OK
r-devel-linux-x86_64-fedora-clang 1.17.0 347.15 NOTE
r-devel-linux-x86_64-fedora-gcc 1.17.0 318.31 NOTE
r-devel-windows-x86_64-new-UL 1.17.0 337.00 325.00 662.00 OK
r-devel-windows-x86_64-new-TK 1.17.0 ERROR
r-patched-linux-x86_64 1.17.0 27.35 257.32 284.67 OK
r-release-linux-x86_64 1.17.0 22.32 255.33 277.65 OK
r-release-macos-arm64 1.17.0 NOTE
r-release-macos-x86_64 1.17.0 WARN --as-cran
r-release-windows-ix86+x86_64 1.17.0 41.00 367.00 408.00 OK
r-oldrel-macos-x86_64 1.17.0 NOTE
r-oldrel-windows-ix86+x86_64 1.17.0 39.00 373.00 412.00 OK

Check Details

Version: 1.17.0
Check: dependencies in R code
Result: NOTE
    Namespace in Imports field not imported from: ‘foreach’
     All declared Imports should be used.
Flavors: r-devel-linux-x86_64-fedora-clang, r-devel-linux-x86_64-fedora-gcc, r-release-macos-arm64, r-oldrel-macos-x86_64

Version: 1.17.0
Check: package dependencies
Result: ERROR
    Package required but not available: 'nloptr'
    
    See section 'The DESCRIPTION file' in the 'Writing R Extensions'
    manual.
Flavor: r-devel-windows-x86_64-new-TK

Version: 1.17.0
Flags: --as-cran
Check: CRAN incoming feasibility
Result: WARN
    Maintainer: ‘Martin Wilson <martin@pipegrep.co.uk>’
    
    Insufficient package version (submitted: 1.17.0, existing: 1.17.0)
    
    Days since last update: 1
Flavor: r-release-macos-x86_64

Version: 1.17.0
Flags: --as-cran
Check: top-level files
Result: NOTE
    Files ‘README.md’ or ‘NEWS.md’ cannot be checked without ‘pandoc’ being installed.
Flavor: r-release-macos-x86_64