CRAN Package Check Results for Package spacetime

Last updated on 2022-12-08 15:53:40 CET.

Flavor Version Tinstall Tcheck Ttotal Status Flags
r-devel-linux-x86_64-debian-clang 1.2-8 14.86 210.31 225.17 OK
r-devel-linux-x86_64-debian-gcc 1.2-8 12.72 173.16 185.88 OK
r-devel-linux-x86_64-fedora-clang 1.2-8 295.33 OK
r-devel-linux-x86_64-fedora-gcc 1.2-8 309.31 OK
r-devel-windows-x86_64 1.2-8 80.00 370.00 450.00 OK
r-patched-linux-x86_64 1.2-8 17.28 202.68 219.96 OK
r-release-linux-x86_64 1.2-8 13.31 201.19 214.50 OK
r-release-macos-arm64 1.2-8 95.00 NOTE
r-release-macos-x86_64 1.2-8 134.00 OK
r-release-windows-x86_64 1.2-8 75.00 335.00 410.00 OK
r-oldrel-macos-arm64 1.2-8 89.00 OK
r-oldrel-macos-x86_64 1.2-8 133.00 OK
r-oldrel-windows-ix86+x86_64 1.2-8 28.00 272.00 300.00 OK

Check Details

Version: 1.2-8
Check: package dependencies
Result: NOTE
    Package suggested but not available for checking: ‘sftime’
Flavor: r-release-macos-arm64