CRAN Package Check Results for Package spBayesSurv

Last updated on 2024-07-20 15:48:56 CEST.

Flavor Version Tinstall Tcheck Ttotal Status Flags
r-devel-linux-x86_64-debian-clang 1.1.8 552.00 95.77 647.77 OK
r-devel-linux-x86_64-debian-gcc 1.1.8 345.83 69.63 415.46 OK
r-devel-linux-x86_64-fedora-clang 1.1.8 900.11 OK
r-devel-linux-x86_64-fedora-gcc 1.1.8 1020.86 OK
r-devel-windows-x86_64 1.1.8 360.00 126.00 486.00 NOTE
r-patched-linux-x86_64 1.1.8 452.62 91.97 544.59 OK
r-release-linux-x86_64 1.1.8 451.45 90.94 542.39 OK
r-release-macos-arm64 1.1.8 162.00 NOTE
r-release-macos-x86_64 1.1.8 175.00 NOTE
r-release-windows-x86_64 1.1.8 408.00 126.00 534.00 OK
r-oldrel-macos-arm64 1.1.8 179.00 NOTE
r-oldrel-macos-x86_64 1.1.8 185.00 NOTE
r-oldrel-windows-x86_64 1.1.8 499.00 148.00 647.00 OK

Check Details

Version: 1.1.8
Check: Rd cross-references
Result: NOTE Found the following Rd file(s) with Rd \link{} targets missing package anchors: SpatDensReg.Rd: Surv SuperSurvRegBayes.Rd: Surv anovaDDP.Rd: Surv cox.snell.survregbayes.Rd: Surv frailtyGAFT.Rd: Surv, rdist indeptCoxph.Rd: Surv spCopulaCoxph.Rd: Surv spCopulaDDP.Rd: Surv survregbayes.Rd: Surv, rdist, rdist.earth Please provide package anchors for all Rd \link{} targets not in the package itself and the base packages. Flavor: r-devel-windows-x86_64

Version: 1.1.8
Check: installed package size
Result: NOTE installed size is 22.5Mb sub-directories of 1Mb or more: libs 21.6Mb Flavors: r-release-macos-arm64, r-release-macos-x86_64, r-oldrel-macos-arm64, r-oldrel-macos-x86_64