CRAN Package Check Results for Package sourcetools

Last updated on 2021-12-08 03:58:34 CET.

Flavor Version Tinstall Tcheck Ttotal Status Flags
r-devel-linux-x86_64-debian-clang 0.1.7 4.25 30.81 35.06 NOTE
r-devel-linux-x86_64-debian-gcc 0.1.7 4.16 24.69 28.85 NOTE
r-devel-linux-x86_64-fedora-clang 0.1.7 48.98 NOTE
r-devel-linux-x86_64-fedora-gcc 0.1.7 36.49 NOTE
r-devel-windows-x86_64-new-UL 0.1.7 24.00 75.00 99.00 NOTE
r-devel-windows-x86_64-new-TK 0.1.7 NOTE
r-devel-windows-x86_64-old 0.1.7 16.00 38.00 54.00 NOTE
r-patched-linux-x86_64 0.1.7 3.99 29.84 33.83 NOTE
r-release-linux-x86_64 0.1.7 4.09 29.82 33.91 NOTE
r-release-macos-arm64 0.1.7 NOTE
r-release-macos-x86_64 0.1.7 NOTE
r-release-windows-ix86+x86_64 0.1.7 24.00 60.00 84.00 NOTE
r-oldrel-macos-x86_64 0.1.7 OK
r-oldrel-windows-ix86+x86_64 0.1.7 43.00 58.00 101.00 OK

Check Details

Version: 0.1.7
Check: LazyData
Result: NOTE
     'LazyData' is specified without a 'data' directory
Flavors: r-devel-linux-x86_64-debian-clang, r-devel-linux-x86_64-debian-gcc, r-devel-linux-x86_64-fedora-clang, r-devel-linux-x86_64-fedora-gcc, r-devel-windows-x86_64-new-UL, r-devel-windows-x86_64-new-TK, r-devel-windows-x86_64-old, r-patched-linux-x86_64, r-release-linux-x86_64, r-release-macos-arm64, r-release-macos-x86_64, r-release-windows-ix86+x86_64