CRAN Package Check Results for Package sortable

Last updated on 2021-12-01 03:55:42 CET.

Flavor Version Tinstall Tcheck Ttotal Status Flags
r-devel-linux-x86_64-debian-clang 0.4.4 4.74 47.06 51.80 NOTE
r-devel-linux-x86_64-debian-gcc 0.4.4 3.42 37.51 40.93 NOTE
r-devel-linux-x86_64-fedora-clang 0.4.4 74.52 NOTE
r-devel-linux-x86_64-fedora-gcc 0.4.4 62.52 NOTE
r-devel-windows-x86_64-new-UL 0.4.4 16.00 113.00 129.00 NOTE
r-devel-windows-x86_64-new-TK 0.4.4 NOTE
r-devel-windows-x86_64-old 0.4.4 9.00 64.00 73.00 NOTE
r-patched-linux-x86_64 0.4.4 5.03 50.49 55.52 NOTE
r-patched-solaris-x86 0.4.4 97.20 WARN
r-release-linux-x86_64 0.4.4 3.80 49.60 53.40 NOTE
r-release-macos-arm64 0.4.4 NOTE
r-release-macos-x86_64 0.4.4 WARN
r-release-windows-ix86+x86_64 0.4.4 12.00 57.00 69.00 NOTE
r-oldrel-macos-x86_64 0.4.4 WARN
r-oldrel-windows-ix86+x86_64 0.4.4 9.00 61.00 70.00 OK

Check Details

Version: 0.4.4
Check: LazyData
Result: NOTE
     'LazyData' is specified without a 'data' directory
Flavors: r-devel-linux-x86_64-debian-clang, r-devel-linux-x86_64-debian-gcc, r-devel-linux-x86_64-fedora-clang, r-devel-linux-x86_64-fedora-gcc, r-devel-windows-x86_64-new-UL, r-devel-windows-x86_64-new-TK, r-devel-windows-x86_64-old, r-patched-linux-x86_64, r-patched-solaris-x86, r-release-linux-x86_64, r-release-macos-arm64, r-release-macos-x86_64, r-release-windows-ix86+x86_64

Version: 0.4.4
Check: re-building of vignette outputs
Result: WARN
    Error(s) in re-building vignettes:
     ...
    --- re-building ‘built_in.Rmd’ using rmarkdown
    Pandoc is required to build R Markdown vignettes but not available. Please make sure it is installed.
    --- finished re-building ‘built_in.Rmd’
    
    --- re-building ‘cloning.Rmd’ using rmarkdown
    Pandoc is required to build R Markdown vignettes but not available. Please make sure it is installed.
    --- finished re-building ‘cloning.Rmd’
    
    --- re-building ‘novel_solutions.Rmd’ using rmarkdown
    Pandoc is required to build R Markdown vignettes but not available. Please make sure it is installed.
    Warning: Line 15 ("```") was not properly indented to match the indentation of the chunk header. You are recommended to change this line to " ```".
    --- finished re-building ‘novel_solutions.Rmd’
    
    --- re-building ‘understanding_sortable_js.Rmd’ using rmarkdown
    Pandoc is required to build R Markdown vignettes but not available. Please make sure it is installed.
    PhantomJS not found. You can install it with webshot::install_phantomjs(). If it is installed, please make sure the phantomjs executable can be found via the PATH variable.
    PhantomJS not found. You can install it with webshot::install_phantomjs(). If it is installed, please make sure the phantomjs executable can be found via the PATH variable.
    Quitting from lines 85-86 (understanding_sortable_js.Rmd)
    Error: processing vignette 'understanding_sortable_js.Rmd' failed with diagnostics:
    invalid 'path' argument
    --- failed re-building ‘understanding_sortable_js.Rmd’
    
    --- re-building ‘using_custom_css.Rmd’ using rmarkdown
    Pandoc is required to build R Markdown vignettes but not available. Please make sure it is installed.
    --- finished re-building ‘using_custom_css.Rmd’
    
    SUMMARY: processing the following file failed:
     ‘understanding_sortable_js.Rmd’
    
    Error: Vignette re-building failed.
    Execution halted
Flavor: r-patched-solaris-x86

Version: 0.4.4
Check: re-building of vignette outputs
Result: WARN
    Error(s) in re-building vignettes:
    --- re-building ‘built_in.Rmd’ using rmarkdown
    Warning in engine$weave(file, quiet = quiet, encoding = enc) :
     Pandoc (>= 1.12.3) not available. Falling back to R Markdown v1.
    --- finished re-building ‘built_in.Rmd’
    
    --- re-building ‘cloning.Rmd’ using rmarkdown
    Warning in engine$weave(file, quiet = quiet, encoding = enc) :
     Pandoc (>= 1.12.3) not available. Falling back to R Markdown v1.
    --- finished re-building ‘cloning.Rmd’
    
    --- re-building ‘novel_solutions.Rmd’ using rmarkdown
    Warning in engine$weave(file, quiet = quiet, encoding = enc) :
     Pandoc (>= 1.12.3) not available. Falling back to R Markdown v1.
    --- finished re-building ‘novel_solutions.Rmd’
    
    --- re-building ‘understanding_sortable_js.Rmd’ using rmarkdown
    Warning in engine$weave(file, quiet = quiet, encoding = enc) :
     Pandoc (>= 1.12.3) not available. Falling back to R Markdown v1.
    PhantomJS not found. You can install it with webshot::install_phantomjs(). If it is installed, please make sure the phantomjs executable can be found via the PATH variable.
    PhantomJS not found. You can install it with webshot::install_phantomjs(). If it is installed, please make sure the phantomjs executable can be found via the PATH variable.
    Quitting from lines 85-86 (understanding_sortable_js.Rmd)
    Error: processing vignette 'understanding_sortable_js.Rmd' failed with diagnostics:
    invalid 'path' argument
    --- failed re-building ‘understanding_sortable_js.Rmd’
    
    --- re-building ‘using_custom_css.Rmd’ using rmarkdown
    Warning in engine$weave(file, quiet = quiet, encoding = enc) :
     Pandoc (>= 1.12.3) not available. Falling back to R Markdown v1.
    --- finished re-building ‘using_custom_css.Rmd’
    
    SUMMARY: processing the following file failed:
     ‘understanding_sortable_js.Rmd’
    
    Error: Vignette re-building failed.
    Execution halted
Flavor: r-release-macos-x86_64

Version: 0.4.4
Check: re-building of vignette outputs
Result: WARN
    Error(s) in re-building vignettes:
    --- re-building ‘built_in.Rmd’ using rmarkdown
    Warning in engine$weave(file, quiet = quiet, encoding = enc) :
     Pandoc (>= 1.12.3) and/or pandoc-citeproc not available. Falling back to R Markdown v1.
    --- finished re-building ‘built_in.Rmd’
    
    --- re-building ‘cloning.Rmd’ using rmarkdown
    Warning in engine$weave(file, quiet = quiet, encoding = enc) :
     Pandoc (>= 1.12.3) and/or pandoc-citeproc not available. Falling back to R Markdown v1.
    --- finished re-building ‘cloning.Rmd’
    
    --- re-building ‘novel_solutions.Rmd’ using rmarkdown
    Warning in engine$weave(file, quiet = quiet, encoding = enc) :
     Pandoc (>= 1.12.3) and/or pandoc-citeproc not available. Falling back to R Markdown v1.
    --- finished re-building ‘novel_solutions.Rmd’
    
    --- re-building ‘understanding_sortable_js.Rmd’ using rmarkdown
    Warning in engine$weave(file, quiet = quiet, encoding = enc) :
     Pandoc (>= 1.12.3) and/or pandoc-citeproc not available. Falling back to R Markdown v1.
    PhantomJS not found. You can install it with webshot::install_phantomjs(). If it is installed, please make sure the phantomjs executable can be found via the PATH variable.
    Warning in normalizePath(f2) :
     path[1]="webshot1188ad8334a0.png": No such file or directory
    Warning in file(con, "rb") :
     cannot open file 'webshot1188ad8334a0.png': No such file or directory
    Quitting from lines 85-86 (understanding_sortable_js.Rmd)
    Error: processing vignette 'understanding_sortable_js.Rmd' failed with diagnostics:
    cannot open the connection
    --- failed re-building ‘understanding_sortable_js.Rmd’
    
    --- re-building ‘using_custom_css.Rmd’ using rmarkdown
    Warning in engine$weave(file, quiet = quiet, encoding = enc) :
     Pandoc (>= 1.12.3) and/or pandoc-citeproc not available. Falling back to R Markdown v1.
    --- finished re-building ‘using_custom_css.Rmd’
    
    SUMMARY: processing the following file failed:
     ‘understanding_sortable_js.Rmd’
    
    Error: Vignette re-building failed.
    Execution halted
Flavor: r-oldrel-macos-x86_64