CRAN Package Check Results for Package soma

Last updated on 2022-01-27 15:53:48 CET.

Flavor Version Tinstall Tcheck Ttotal Status Flags
r-devel-linux-x86_64-debian-clang 1.1.1 1.97 28.64 30.61 NOTE
r-devel-linux-x86_64-debian-gcc 1.1.1 1.71 22.66 24.37 NOTE
r-devel-linux-x86_64-fedora-clang 1.1.1 38.51 NOTE
r-devel-linux-x86_64-fedora-gcc 1.1.1 27.43 NOTE
r-devel-windows-x86_64-new-UL 1.1.1 12.00 47.00 59.00 NOTE
r-devel-windows-x86_64-new-TK 1.1.1 NOTE
r-patched-linux-x86_64 1.1.1 1.94 28.26 30.20 NOTE
r-release-linux-x86_64 1.1.1 1.21 28.42 29.63 NOTE
r-release-macos-arm64 1.1.1 NOTE
r-release-macos-x86_64 1.1.1 NOTE
r-release-windows-ix86+x86_64 1.1.1 4.00 42.00 46.00 NOTE
r-oldrel-macos-x86_64 1.1.1 NOTE
r-oldrel-windows-ix86+x86_64 1.1.1 4.00 35.00 39.00 NOTE

Check Details

Version: 1.1.1
Check: R code for possible problems
Result: NOTE
    soma: no visible global function definition for 'runif'
    Undefined global functions or variables:
     runif
    Consider adding
     importFrom("stats", "runif")
    to your NAMESPACE file.
Flavors: r-devel-linux-x86_64-debian-clang, r-devel-linux-x86_64-debian-gcc, r-devel-linux-x86_64-fedora-clang, r-devel-linux-x86_64-fedora-gcc, r-devel-windows-x86_64-new-UL, r-devel-windows-x86_64-new-TK, r-patched-linux-x86_64, r-release-linux-x86_64, r-release-macos-arm64, r-release-macos-x86_64, r-release-windows-ix86+x86_64, r-oldrel-macos-x86_64, r-oldrel-windows-ix86+x86_64