CRAN Package Check Results for Package solrad

Last updated on 2023-05-30 16:00:45 CEST.

Flavor Version Tinstall Tcheck Ttotal Status Flags
r-devel-linux-x86_64-debian-clang 1.0.0 2.00 25.30 27.30 NOTE
r-devel-linux-x86_64-debian-gcc 1.0.0 1.82 19.61 21.43 NOTE
r-devel-linux-x86_64-fedora-clang 1.0.0 34.84 NOTE
r-devel-linux-x86_64-fedora-gcc 1.0.0 32.43 NOTE
r-devel-windows-x86_64 1.0.0 3.00 46.00 49.00 NOTE
r-patched-linux-x86_64 1.0.0 2.47 24.10 26.57 NOTE
r-release-linux-x86_64 1.0.0 1.60 24.29 25.89 NOTE
r-release-macos-arm64 1.0.0 15.00 NOTE
r-release-macos-x86_64 1.0.0 20.00 NOTE
r-release-windows-x86_64 1.0.0 3.00 45.00 48.00 NOTE
r-oldrel-macos-arm64 1.0.0 16.00 NOTE
r-oldrel-macos-x86_64 1.0.0 22.00 NOTE
r-oldrel-windows-x86_64 1.0.0 5.00 47.00 52.00 NOTE

Check Details

Version: 1.0.0
Check: LazyData
Result: NOTE
     'LazyData' is specified without a 'data' directory
Flavors: r-devel-linux-x86_64-debian-clang, r-devel-linux-x86_64-debian-gcc, r-devel-linux-x86_64-fedora-clang, r-devel-linux-x86_64-fedora-gcc, r-devel-windows-x86_64, r-patched-linux-x86_64, r-release-linux-x86_64, r-release-macos-arm64, r-release-macos-x86_64, r-release-windows-x86_64, r-oldrel-macos-arm64, r-oldrel-macos-x86_64, r-oldrel-windows-x86_64