CRAN Package Check Results for Package sofa

Last updated on 2024-07-18 15:49:13 CEST.

Flavor Version Tinstall Tcheck Ttotal Status Flags
r-devel-linux-x86_64-debian-clang 0.4.0 3.32 47.18 50.50 NOTE
r-devel-linux-x86_64-debian-gcc 0.4.0 3.74 33.73 37.47 NOTE
r-devel-linux-x86_64-fedora-clang 0.4.0 62.46 NOTE
r-devel-linux-x86_64-fedora-gcc 0.4.0 71.71 NOTE
r-devel-windows-x86_64 0.4.0 5.00 65.00 70.00 NOTE
r-patched-linux-x86_64 0.4.0 6.48 42.98 49.46 NOTE
r-release-linux-x86_64 0.4.0 4.24 41.92 46.16 NOTE
r-release-macos-arm64 0.4.0 31.00 NOTE
r-release-macos-x86_64 0.4.0 41.00 NOTE
r-release-windows-x86_64 0.4.0 5.00 65.00 70.00 NOTE
r-oldrel-macos-arm64 0.4.0 29.00 OK
r-oldrel-macos-x86_64 0.4.0 42.00 OK
r-oldrel-windows-x86_64 0.4.0 7.00 69.00 76.00 OK

Check Details

Version: 0.4.0
Check: Rd files
Result: NOTE checkRd: (-1) db_compact.Rd:41: Lost braces; missing escapes or markup? 41 | database structure will be set to true. See GET /{db}. You can also obtain a list of | ^ Flavors: r-devel-linux-x86_64-debian-clang, r-devel-linux-x86_64-debian-gcc, r-devel-linux-x86_64-fedora-clang, r-devel-linux-x86_64-fedora-gcc, r-devel-windows-x86_64, r-patched-linux-x86_64, r-release-linux-x86_64, r-release-macos-arm64, r-release-macos-x86_64, r-release-windows-x86_64