CRAN Package Check Results for Package soc.ca

Last updated on 2021-10-27 15:52:06 CEST.

Flavor Version Tinstall Tcheck Ttotal Status Flags
r-devel-linux-x86_64-debian-clang 0.8.0 10.29 105.95 116.24 OK
r-devel-linux-x86_64-debian-gcc 0.8.0 8.46 77.39 85.85 OK
r-devel-linux-x86_64-fedora-clang 0.8.0 149.14 NOTE
r-devel-linux-x86_64-fedora-gcc 0.8.0 136.94 NOTE
r-devel-windows-x86_64 0.8.0 17.00 141.00 158.00 OK
r-devel-windows-x86_64-gcc10-UCRT 0.8.0 NOTE
r-patched-linux-x86_64 0.8.0 15.54 98.52 114.06 OK
r-patched-solaris-x86 0.8.0 183.40 NOTE
r-release-linux-x86_64 0.8.0 8.85 97.60 106.45 OK
r-release-macos-arm64 0.8.0 NOTE
r-release-macos-x86_64 0.8.0 NOTE
r-release-windows-ix86+x86_64 0.8.0 18.00 136.00 154.00 OK
r-oldrel-macos-x86_64 0.8.0 NOTE
r-oldrel-windows-ix86+x86_64 0.8.0 25.00 138.00 163.00 OK

Check Details

Version: 0.8.0
Check: dependencies in R code
Result: NOTE
    Namespaces in Imports field not imported from:
     ‘FactoMineR’ ‘flextable’ ‘htmlTable’ ‘stringr’
     All declared Imports should be used.
Flavors: r-devel-linux-x86_64-fedora-clang, r-devel-linux-x86_64-fedora-gcc, r-devel-windows-x86_64-gcc10-UCRT, r-patched-solaris-x86, r-release-macos-arm64, r-release-macos-x86_64, r-oldrel-macos-x86_64

Version: 0.8.0
Check: data for non-ASCII characters
Result: NOTE
     Note: found 938 marked UTF-8 strings
Flavors: r-devel-linux-x86_64-fedora-clang, r-devel-linux-x86_64-fedora-gcc, r-devel-windows-x86_64-gcc10-UCRT, r-patched-solaris-x86, r-release-macos-arm64, r-release-macos-x86_64, r-oldrel-macos-x86_64