CRAN Package Check Results for Package snplinkage

Last updated on 2024-06-14 03:57:36 CEST.

Flavor Version Tinstall Tcheck Ttotal Status Flags
r-devel-linux-x86_64-debian-clang 1.0.0 20.50 302.68 323.18 OK
r-devel-linux-x86_64-debian-gcc 1.0.0 0.66 1.91 2.57 ERROR
r-devel-linux-x86_64-fedora-clang 1.0.0 414.31 OK
r-devel-linux-x86_64-fedora-gcc 1.0.0 297.93 OK
r-devel-windows-x86_64 1.0.0 21.00 242.00 263.00 OK
r-patched-linux-x86_64 1.0.0 15.61 292.54 308.15 OK
r-release-linux-x86_64 1.0.0 21.88 290.89 312.77 OK
r-release-macos-arm64 1.0.0 112.00 OK
r-release-macos-x86_64 1.0.0 181.00 OK
r-release-windows-x86_64 1.0.0 21.00 242.00 263.00 OK
r-oldrel-macos-arm64 1.0.0 10.00 ERROR
r-oldrel-macos-x86_64 1.0.0 12.00 ERROR
r-oldrel-windows-x86_64 1.0.0 29.00 281.00 310.00 OK

Additional issues

noSuggests

Check Details

Version: 1.0.0
Check: package dependencies
Result: ERROR Packages required but not available: 'GWASTools', 'ggplot2' Packages suggested but not available for checking: 'biomaRt', 'cowplot', 'dplyr', 'ggrepel', 'testthat' See section ‘The DESCRIPTION file’ in the ‘Writing R Extensions’ manual. Flavor: r-devel-linux-x86_64-debian-gcc

Version: 1.0.0
Check: package dependencies
Result: ERROR Package required but not available: ‘GWASTools’ See section ‘The DESCRIPTION file’ in the ‘Writing R Extensions’ manual. Flavors: r-oldrel-macos-arm64, r-oldrel-macos-x86_64