CRAN Package Check Results for Package snowFT

Last updated on 2022-01-25 15:54:32 CET.

Flavor Version Tinstall Tcheck Ttotal Status Flags
r-devel-linux-x86_64-debian-clang 1.6-0 2.10 22.04 24.14 OK
r-devel-linux-x86_64-debian-gcc 1.6-0 2.18 18.45 20.63 OK
r-devel-linux-x86_64-fedora-clang 1.6-0 55.11 OK
r-devel-linux-x86_64-fedora-gcc 1.6-0 43.29 OK
r-devel-windows-x86_64-new-UL 1.6-0 21.00 60.00 81.00 OK
r-devel-windows-x86_64-new-TK 1.6-0 OK
r-patched-linux-x86_64 1.6-0 2.86 20.78 23.64 OK
r-release-linux-x86_64 1.6-0 2.26 20.64 22.90 OK
r-release-macos-arm64 1.6-0 NOTE
r-release-macos-x86_64 1.6-0 NOTE
r-release-windows-ix86+x86_64 1.6-0 4.00 43.00 47.00 OK
r-oldrel-macos-x86_64 1.6-0 NOTE
r-oldrel-windows-ix86+x86_64 1.6-0 5.00 63.00 68.00 OK

Check Details

Version: 1.6-0
Check: package dependencies
Result: NOTE
    Package suggested but not available for checking: ‘Rmpi’
Flavors: r-release-macos-arm64, r-release-macos-x86_64, r-oldrel-macos-x86_64